Last updated on 2025-07-12 13:48:21 CEST.
Flavor | Version | Tinstall | Tcheck | Ttotal | Status | Flags |
---|---|---|---|---|---|---|
r-devel-linux-x86_64-debian-clang | 0.3.0 | 110.19 | 26.20 | 136.39 | OK | |
r-devel-linux-x86_64-debian-gcc | 0.3.0 | 79.92 | 20.50 | 100.42 | OK | |
r-devel-linux-x86_64-fedora-clang | 0.3.0 | 257.40 | OK | |||
r-devel-linux-x86_64-fedora-gcc | 0.3.0 | 243.97 | OK | |||
r-devel-windows-x86_64 | 0.3.0 | 118.00 | 66.00 | 184.00 | OK | |
r-patched-linux-x86_64 | 0.3.0 | 115.62 | 23.73 | 139.35 | OK | |
r-release-linux-x86_64 | 0.3.0 | 111.89 | 23.68 | 135.57 | OK | |
r-release-macos-arm64 | 0.3.0 | 66.00 | OK | |||
r-release-macos-x86_64 | 0.3.0 | 58.00 | OK | |||
r-release-windows-x86_64 | 0.3.0 | 120.00 | 70.00 | 190.00 | OK | |
r-oldrel-macos-arm64 | 0.3.0 | 57.00 | NOTE | |||
r-oldrel-macos-x86_64 | 0.3.0 | 77.00 | NOTE | |||
r-oldrel-windows-x86_64 | 0.3.0 | 142.00 | 77.00 | 219.00 | OK |
Version: 0.3.0
Check: installed package size
Result: NOTE
installed size is 5.5Mb
sub-directories of 1Mb or more:
libs 5.4Mb
Flavors: r-oldrel-macos-arm64, r-oldrel-macos-x86_64