Last updated on 2025-10-26 09:49:50 CET.
| Flavor | Version | Tinstall | Tcheck | Ttotal | Status | Flags | 
|---|---|---|---|---|---|---|
| r-devel-linux-x86_64-debian-clang | 1.0.1 | 149.13 | 48.78 | 197.91 | WARN | |
| r-devel-linux-x86_64-debian-gcc | 1.0.1 | 100.05 | 35.76 | 135.81 | WARN | |
| r-devel-linux-x86_64-fedora-clang | 1.0.1 | 444.00 | -66.83 | 377.17 | NOTE | |
| r-devel-linux-x86_64-fedora-gcc | 1.0.1 | 212.00 | 160.66 | 372.66 | NOTE | |
| r-devel-windows-x86_64 | 1.0.1 | 192.00 | 94.00 | 286.00 | NOTE | |
| r-patched-linux-x86_64 | 1.0.1 | 158.09 | 45.61 | 203.70 | NOTE | |
| r-release-linux-x86_64 | 1.0.1 | 159.67 | 45.17 | 204.84 | NOTE | |
| r-release-macos-arm64 | 1.0.1 | 58.00 | 38.00 | 96.00 | NOTE | |
| r-release-macos-x86_64 | 1.0.1 | 40.00 | 63.00 | 103.00 | NOTE | |
| r-release-windows-x86_64 | 1.0.1 | 185.00 | 97.00 | 282.00 | NOTE | |
| r-oldrel-macos-arm64 | 1.0.1 | 28.00 | 26.00 | 54.00 | NOTE | |
| r-oldrel-macos-x86_64 | 1.0.1 | 23.00 | 49.00 | 72.00 | NOTE | |
| r-oldrel-windows-x86_64 | 1.0.1 | 222.00 | 116.00 | 338.00 | NOTE | 
Version: 1.0.1
Check: CRAN incoming feasibility
Result: NOTE
  Maintainer: ‘Jingyu He <jingyuhe@cityu.edu.hk>’
  
  The Description field contains
    priors, Hahn, He and Lopes (2018) <arXiv:1806.05738>.
  Please refer to arXiv e-prints via their arXiv DOI <doi:10.48550/arXiv.YYMM.NNNNN>.
Flavors: r-devel-linux-x86_64-debian-clang, r-devel-linux-x86_64-debian-gcc
Version: 1.0.1
Check: whether package can be installed
Result: WARN
  Found the following significant warnings:
    /home/hornik/tmp/R.check/r-devel-clang/Work/build/Packages/RcppArmadillo/include/RcppArmadillo/version/arma.h:66:17: warning: Using fallback compilation with Armadillo 14.6.3. Please consider defining -DARMA_USE_CURRENT and also removing C++11 compilation directive. See GitHub issue #475 for more. [-W#pragma-messages]
  See ‘/home/hornik/tmp/R.check/r-devel-clang/Work/PKGS/bayeslm.Rcheck/00install.out’ for details.
  * used C++ compiler: ‘Debian clang version 19.1.7 (7)’
Flavor: r-devel-linux-x86_64-debian-clang
Version: 1.0.1
Check: C++ specification
Result: NOTE
    Specified C++11: please drop specification unless essential
Flavors: r-devel-linux-x86_64-debian-clang, r-devel-linux-x86_64-debian-gcc, r-devel-linux-x86_64-fedora-clang, r-devel-linux-x86_64-fedora-gcc, r-devel-windows-x86_64, r-patched-linux-x86_64, r-release-linux-x86_64, r-release-macos-arm64, r-release-macos-x86_64, r-release-windows-x86_64, r-oldrel-macos-arm64, r-oldrel-macos-x86_64, r-oldrel-windows-x86_64
Version: 1.0.1
Check: Rd files
Result: NOTE
  checkRd: (-1) predict.bayeslm.fit.Rd:18: Lost braces; missing escapes or markup?
      18 |   \item{X         }{ If call \code{bayeslm} with matrices input \code{x} and {y} but not formula, pass new matrix to predict here. See example for details.}
         |                                                                              ^
Flavors: r-devel-linux-x86_64-debian-clang, r-devel-linux-x86_64-debian-gcc, r-devel-linux-x86_64-fedora-clang, r-devel-linux-x86_64-fedora-gcc, r-devel-windows-x86_64, r-patched-linux-x86_64, r-release-linux-x86_64, r-release-macos-arm64, r-release-macos-x86_64, r-release-windows-x86_64, r-oldrel-macos-arm64, r-oldrel-macos-x86_64, r-oldrel-windows-x86_64
Version: 1.0.1
Check: Rd cross-references
Result: NOTE
  Found the following Rd file(s) with Rd \link{} targets missing package
  anchors:
    hs_gibbs.Rd: summary.mcmc
    summary.bayeslm.fit.Rd: summary.mcmc
  Please provide package anchors for all Rd \link{} targets not in the
  package itself and the base packages.
Flavors: r-devel-linux-x86_64-debian-clang, r-devel-linux-x86_64-debian-gcc, r-devel-windows-x86_64, r-patched-linux-x86_64, r-release-linux-x86_64, r-release-windows-x86_64
Version: 1.0.1
Check: whether package can be installed
Result: WARN
  Found the following significant warnings:
    /home/hornik/tmp/R.check/r-devel-gcc/Work/build/Packages/RcppArmadillo/include/RcppArmadillo/version/arma.h:66:199: note: ‘#pragma message: Using fallback compilation with Armadillo 14.6.3. Please consider defining -DARMA_USE_CURRENT and also removing C++11 compilation directive. See GitHub issue #475 for more.’
  See ‘/home/hornik/tmp/R.check/r-devel-gcc/Work/PKGS/bayeslm.Rcheck/00install.out’ for details.
  * used C++ compiler: ‘g++-15 (Debian 15.2.0-4) 15.2.0’
Flavor: r-devel-linux-x86_64-debian-gcc
Version: 1.0.1
Check: installed package size
Result: NOTE
    installed size is  8.5Mb
    sub-directories of 1Mb or more:
      libs   8.2Mb
Flavors: r-oldrel-macos-arm64, r-oldrel-macos-x86_64
Version: 1.0.1
Check: for GNU extensions in Makefiles
Result: NOTE
  GNU make is a SystemRequirements.
Flavors: r-oldrel-macos-arm64, r-oldrel-macos-x86_64, r-oldrel-windows-x86_64