Last updated on 2025-10-25 13:48:31 CEST.
| Flavor | Version | Tinstall | Tcheck | Ttotal | Status | Flags |
|---|---|---|---|---|---|---|
| r-devel-linux-x86_64-debian-clang | 0.0.1.5 | 2141.66 | 216.24 | 2357.90 | OK | |
| r-devel-linux-x86_64-debian-gcc | 0.0.1.5 | 1674.26 | 299.46 | 1973.72 | OK | |
| r-devel-linux-x86_64-fedora-clang | 0.0.1.5 | 8940.00 | -5093.37 | 3846.63 | OK | |
| r-devel-linux-x86_64-fedora-gcc | 0.0.1.5 | 5820.00 | -827.01 | 4992.99 | OK | |
| r-devel-windows-x86_64 | 0.0.1.5 | 2283.00 | 407.00 | 2690.00 | OK | |
| r-patched-linux-x86_64 | 0.0.1.5 | 2361.76 | 416.07 | 2777.83 | OK | |
| r-release-linux-x86_64 | 0.0.1.5 | 2376.24 | 418.71 | 2794.95 | OK | |
| r-release-macos-arm64 | 0.0.1.5 | 1320.00 | 59.00 | 1379.00 | OK | |
| r-release-macos-x86_64 | 0.0.1.5 | 660.00 | 202.00 | 862.00 | OK | |
| r-release-windows-x86_64 | 0.0.1.5 | 1995.00 | 396.00 | 2391.00 | OK | |
| r-oldrel-macos-arm64 | 0.0.1.5 | 720.00 | 59.00 | 779.00 | NOTE | |
| r-oldrel-macos-x86_64 | 0.0.1.5 | 508.00 | 79.00 | 587.00 | NOTE | |
| r-oldrel-windows-x86_64 | 0.0.1.5 | 2361.00 | 502.00 | 2863.00 | NOTE |
Version: 0.0.1.5
Check: installed package size
Result: NOTE
installed size is 244.0Mb
sub-directories of 1Mb or more:
libs 243.2Mb
Flavors: r-oldrel-macos-arm64, r-oldrel-macos-x86_64, r-oldrel-windows-x86_64
Version: 0.0.1.5
Check: for GNU extensions in Makefiles
Result: NOTE
GNU make is a SystemRequirements.
Flavors: r-oldrel-macos-arm64, r-oldrel-macos-x86_64, r-oldrel-windows-x86_64