Last updated on 2025-11-27 17:49:31 CET.
| Flavor | Version | Tinstall | Tcheck | Ttotal | Status | Flags |
|---|---|---|---|---|---|---|
| r-devel-linux-x86_64-debian-clang | 0.1.3 | 131.34 | 27.59 | 158.93 | WARN | |
| r-devel-linux-x86_64-debian-gcc | 0.1.3 | 74.85 | 21.90 | 96.75 | WARN | |
| r-devel-linux-x86_64-fedora-clang | 0.1.3 | 182.00 | 132.81 | 314.81 | NOTE | |
| r-devel-linux-x86_64-fedora-gcc | 0.1.3 | 221.00 | 37.39 | 258.39 | NOTE | |
| r-devel-windows-x86_64 | 0.1.3 | 163.00 | 62.00 | 225.00 | NOTE | |
| r-patched-linux-x86_64 | 0.1.3 | 128.28 | 25.47 | 153.75 | NOTE | |
| r-release-linux-x86_64 | 0.1.3 | 130.99 | 25.37 | 156.36 | NOTE | |
| r-release-macos-arm64 | 0.1.3 | NOTE | ||||
| r-release-macos-x86_64 | 0.1.3 | 42.00 | 27.00 | 69.00 | NOTE | |
| r-release-windows-x86_64 | 0.1.3 | 152.00 | 77.00 | 229.00 | NOTE | |
| r-oldrel-macos-arm64 | 0.1.3 | NOTE | ||||
| r-oldrel-macos-x86_64 | 0.1.3 | 36.00 | 23.00 | 59.00 | NOTE | |
| r-oldrel-windows-x86_64 | 0.1.3 | 178.00 | 82.00 | 260.00 | NOTE |
Version: 0.1.3
Check: whether package can be installed
Result: WARN
Found the following significant warnings:
/home/hornik/tmp/R.check/r-devel-clang/Work/build/Packages/RcppArmadillo/include/RcppArmadillo/version/arma.h:66:17: warning: Using fallback compilation with Armadillo 14.6.3. Please consider defining -DARMA_USE_CURRENT and also removing C++11 compilation directive. See GitHub issue #475 for more. [-W#pragma-messages]
See ‘/home/hornik/tmp/R.check/r-devel-clang/Work/PKGS/bayescopulareg.Rcheck/00install.out’ for details.
* used C++ compiler: ‘Debian clang version 21.1.5 (1)’
Flavor: r-devel-linux-x86_64-debian-clang
Version: 0.1.3
Check: C++ specification
Result: NOTE
Specified C++11: please drop specification unless essential
Flavors: r-devel-linux-x86_64-debian-clang, r-devel-linux-x86_64-debian-gcc, r-devel-windows-x86_64, r-patched-linux-x86_64, r-release-linux-x86_64, r-release-macos-arm64, r-release-macos-x86_64, r-release-windows-x86_64, r-oldrel-macos-arm64, r-oldrel-macos-x86_64, r-oldrel-windows-x86_64
Version: 0.1.3
Check: whether package can be installed
Result: WARN
Found the following significant warnings:
/home/hornik/tmp/R.check/r-devel-gcc/Work/build/Packages/RcppArmadillo/include/RcppArmadillo/version/arma.h:66:199: note: ‘#pragma message: Using fallback compilation with Armadillo 14.6.3. Please consider defining -DARMA_USE_CURRENT and also removing C++11 compilation directive. See GitHub issue #475 for more.’
See ‘/home/hornik/tmp/R.check/r-devel-gcc/Work/PKGS/bayescopulareg.Rcheck/00install.out’ for details.
* used C++ compiler: ‘g++-15 (Debian 15.2.0-7) 15.2.0’
Flavor: r-devel-linux-x86_64-debian-gcc
Version: 0.1.3
Check: C++ specification
Result: NOTE
Specified C++11: support will be removed soon
Flavors: r-devel-linux-x86_64-fedora-clang, r-devel-linux-x86_64-fedora-gcc
Version: 0.1.3
Check: installed package size
Result: NOTE
installed size is 6.2Mb
sub-directories of 1Mb or more:
libs 6.1Mb
Flavors: r-oldrel-macos-arm64, r-oldrel-macos-x86_64