Last updated on 2025-07-12 17:48:19 CEST.
Flavor | Version | Tinstall | Tcheck | Ttotal | Status | Flags |
---|---|---|---|---|---|---|
r-devel-linux-x86_64-debian-clang | 1.0.0 | 5.40 | 42.01 | 47.41 | NOTE | |
r-devel-linux-x86_64-debian-gcc | 1.0.0 | 4.26 | 31.05 | 35.31 | NOTE | |
r-devel-linux-x86_64-fedora-clang | 1.0.0 | 71.39 | OK | |||
r-devel-linux-x86_64-fedora-gcc | 1.0.0 | 67.17 | OK | |||
r-devel-windows-x86_64 | 1.0.0 | 6.00 | 66.00 | 72.00 | OK | |
r-patched-linux-x86_64 | 1.0.0 | 4.65 | 37.71 | 42.36 | OK | |
r-release-linux-x86_64 | 1.0.0 | 5.37 | 37.59 | 42.96 | OK | |
r-release-macos-arm64 | 1.0.0 | 38.00 | OK | |||
r-release-macos-x86_64 | 1.0.0 | 51.00 | OK | |||
r-release-windows-x86_64 | 1.0.0 | 7.00 | 68.00 | 75.00 | OK | |
r-oldrel-macos-arm64 | 1.0.0 | 34.00 | OK | |||
r-oldrel-macos-x86_64 | 1.0.0 | 42.00 | OK | |||
r-oldrel-windows-x86_64 | 1.0.0 | 9.00 | 81.00 | 90.00 | OK |
Version: 1.0.0
Check: CRAN incoming feasibility
Result: NOTE
Maintainer: ‘Rafael Santos <rafael.jpsantos@outlook.com>’
The Description field contains
<arXiv:2001.00636>.
Please refer to arXiv e-prints via their arXiv DOI <doi:10.48550/arXiv.YYMM.NNNNN>.
Flavors: r-devel-linux-x86_64-debian-clang, r-devel-linux-x86_64-debian-gcc