Last updated on 2025-07-12 21:50:37 CEST.
Flavor | Version | Tinstall | Tcheck | Ttotal | Status | Flags |
---|---|---|---|---|---|---|
r-devel-linux-x86_64-debian-clang | 0.1.0 | 5.29 | 51.54 | 56.83 | OK | |
r-devel-linux-x86_64-debian-gcc | 0.1.0 | 4.27 | 36.99 | 41.26 | OK | |
r-devel-linux-x86_64-fedora-clang | 0.1.0 | 84.18 | OK | |||
r-devel-linux-x86_64-fedora-gcc | 0.1.0 | 79.32 | OK | |||
r-devel-windows-x86_64 | 0.1.0 | 8.00 | 62.00 | 70.00 | OK | |
r-patched-linux-x86_64 | 0.1.0 | 5.43 | 45.12 | 50.55 | OK | |
r-release-linux-x86_64 | 0.1.0 | 5.58 | 44.83 | 50.41 | OK | |
r-release-macos-arm64 | 0.1.0 | 27.00 | OK | |||
r-release-macos-x86_64 | 0.1.0 | 53.00 | OK | |||
r-release-windows-x86_64 | 0.1.0 | 9.00 | 66.00 | 75.00 | OK | |
r-oldrel-macos-arm64 | 0.1.0 | 32.00 | NOTE | |||
r-oldrel-macos-x86_64 | 0.1.0 | 49.00 | NOTE | |||
r-oldrel-windows-x86_64 | 0.1.0 | 9.00 | 75.00 | 84.00 | NOTE |
Version: 0.1.0
Check: package dependencies
Result: NOTE
Depends: includes the non-default packages:
'dplyr', 'glue', 'janitor', 'lubridate', 'readr', 'snakecase',
'stringr'
Adding so many packages to the search path is excessive and importing
selectively is preferable.
Flavors: r-oldrel-macos-arm64, r-oldrel-macos-x86_64, r-oldrel-windows-x86_64