Last updated on 2025-11-26 09:51:09 CET.
| Flavor | Version | Tinstall | Tcheck | Ttotal | Status | Flags |
|---|---|---|---|---|---|---|
| r-devel-linux-x86_64-debian-clang | 0.0.2 | 0.31 | 2.87 | 3.18 | ERROR | |
| r-devel-linux-x86_64-debian-gcc | 0.0.2 | 0.28 | 2.43 | 2.71 | ERROR | |
| r-devel-linux-x86_64-fedora-clang | 0.0.2 | 2.75 | ERROR | |||
| r-devel-linux-x86_64-fedora-gcc | 0.0.2 | 2.40 | ERROR | |||
| r-devel-windows-x86_64 | 0.0.2 | 5.00 | 43.00 | 48.00 | OK | |
| r-patched-linux-x86_64 | 0.0.2 | 2.38 | 21.54 | 23.92 | OK | |
| r-release-linux-x86_64 | 0.0.2 | 2.23 | 21.27 | 23.50 | OK | |
| r-release-macos-arm64 | 0.0.2 | OK | ||||
| r-release-macos-x86_64 | 0.0.2 | 3.00 | 36.00 | 39.00 | OK | |
| r-release-windows-x86_64 | 0.0.2 | 4.00 | 53.00 | 57.00 | OK | |
| r-oldrel-macos-arm64 | 0.0.2 | OK | ||||
| r-oldrel-macos-x86_64 | 0.0.2 | 2.00 | 28.00 | 30.00 | OK | |
| r-oldrel-windows-x86_64 | 0.0.2 | 6.00 | 44.00 | 50.00 | OK |
Version: 0.0.2
Check: package dependencies
Result: ERROR
Package required but not available: ‘geojsonsf’
See section ‘The DESCRIPTION file’ in the ‘Writing R Extensions’
manual.
Flavors: r-devel-linux-x86_64-debian-clang, r-devel-linux-x86_64-debian-gcc, r-devel-linux-x86_64-fedora-clang, r-devel-linux-x86_64-fedora-gcc