CRAN Package Check Results for Package aws.alexa

Last updated on 2025-07-17 21:50:40 CEST.

Flavor Version Tinstall Tcheck Ttotal Status Flags
r-devel-linux-x86_64-debian-clang 0.1.8 4.48 40.73 45.21 NOTE
r-devel-linux-x86_64-debian-gcc 0.1.8 2.87 32.08 34.95 NOTE
r-devel-linux-x86_64-fedora-clang 0.1.8 68.52 OK
r-devel-linux-x86_64-fedora-gcc 0.1.8 79.76 OK
r-devel-windows-x86_64 0.1.8 7.00 77.00 84.00 OK
r-patched-linux-x86_64 0.1.8 3.96 37.25 41.21 OK
r-release-linux-x86_64 0.1.8 3.38 37.29 40.67 OK
r-release-macos-arm64 0.1.8 45.00 OK
r-release-macos-x86_64 0.1.8 56.00 OK
r-release-windows-x86_64 0.1.8 9.00 77.00 86.00 OK
r-oldrel-macos-arm64 0.1.8 31.00 NOTE
r-oldrel-macos-x86_64 0.1.8 46.00 NOTE
r-oldrel-windows-x86_64 0.1.8 10.00 85.00 95.00 NOTE

Check Details

Version: 0.1.8
Check: CRAN incoming feasibility
Result: NOTE Maintainer: ‘Gaurav Sood <gsood07@gmail.com>’ Package CITATION file contains call(s) to old-style personList() or as.personList(). Please use c() on person objects instead. Package CITATION file contains call(s) to old-style citEntry(). Please use bibentry() instead. Flavors: r-devel-linux-x86_64-debian-clang, r-devel-linux-x86_64-debian-gcc

Version: 0.1.8
Check: LazyData
Result: NOTE 'LazyData' is specified without a 'data' directory Flavors: r-oldrel-macos-arm64, r-oldrel-macos-x86_64, r-oldrel-windows-x86_64