Last updated on 2025-11-26 13:49:57 CET.
| Flavor | Version | Tinstall | Tcheck | Ttotal | Status | Flags |
|---|---|---|---|---|---|---|
| r-devel-linux-x86_64-debian-clang | 0.1.3 | 23.80 | 72.88 | 96.68 | NOTE | |
| r-devel-linux-x86_64-debian-gcc | 0.1.3 | 13.14 | 52.61 | 65.75 | NOTE | |
| r-devel-linux-x86_64-fedora-clang | 0.1.3 | 57.00 | 96.13 | 153.13 | NOTE | |
| r-devel-linux-x86_64-fedora-gcc | 0.1.3 | 48.00 | 105.73 | 153.73 | NOTE | |
| r-devel-windows-x86_64 | 0.1.3 | 30.00 | 109.00 | 139.00 | NOTE | |
| r-patched-linux-x86_64 | 0.1.3 | 20.23 | 66.00 | 86.23 | NOTE | |
| r-release-linux-x86_64 | 0.1.3 | 20.97 | 66.12 | 87.09 | NOTE | |
| r-release-macos-arm64 | 0.1.3 | NOTE | ||||
| r-release-macos-x86_64 | 0.1.3 | 30.00 | 93.00 | 123.00 | NOTE | |
| r-release-windows-x86_64 | 0.1.3 | 29.00 | 120.00 | 149.00 | NOTE | |
| r-oldrel-macos-arm64 | 0.1.3 | NOTE | ||||
| r-oldrel-macos-x86_64 | 0.1.3 | 13.00 | 52.00 | 65.00 | NOTE | |
| r-oldrel-windows-x86_64 | 0.1.3 | 33.00 | 125.00 | 158.00 | NOTE |
Version: 0.1.3
Check: Rd files
Result: NOTE
checkRd: (-1) avar_mo_cpp.Rd:15: Lost braces in \itemize; \value handles \item{}{} directly
checkRd: (-1) avar_mo_cpp.Rd:16: Lost braces in \itemize; \value handles \item{}{} directly
checkRd: (-1) avar_mo_cpp.Rd:17: Lost braces in \itemize; \value handles \item{}{} directly
checkRd: (-1) avar_to_cpp.Rd:15: Lost braces in \itemize; \value handles \item{}{} directly
checkRd: (-1) avar_to_cpp.Rd:16: Lost braces in \itemize; \value handles \item{}{} directly
checkRd: (-1) avar_to_cpp.Rd:17: Lost braces in \itemize; \value handles \item{}{} directly
Flavors: r-devel-linux-x86_64-debian-clang, r-devel-linux-x86_64-debian-gcc, r-devel-linux-x86_64-fedora-clang, r-devel-linux-x86_64-fedora-gcc, r-devel-windows-x86_64, r-patched-linux-x86_64, r-release-linux-x86_64, r-release-macos-arm64, r-release-macos-x86_64, r-release-windows-x86_64, r-oldrel-macos-arm64, r-oldrel-macos-x86_64, r-oldrel-windows-x86_64