Last updated on 2025-11-26 09:51:09 CET.
| Flavor | Version | Tinstall | Tcheck | Ttotal | Status | Flags |
|---|---|---|---|---|---|---|
| r-devel-linux-x86_64-debian-clang | 0.3.1 | 25.37 | 401.65 | 427.02 | OK | |
| r-devel-linux-x86_64-debian-gcc | 0.3.1 | 16.66 | 268.00 | 284.66 | OK | |
| r-devel-linux-x86_64-fedora-clang | 0.3.1 | 102.00 | 606.25 | 708.25 | OK | |
| r-devel-linux-x86_64-fedora-gcc | 0.3.1 | 55.00 | 610.46 | 665.46 | OK | |
| r-devel-windows-x86_64 | 0.3.1 | 36.00 | 360.00 | 396.00 | OK | |
| r-patched-linux-x86_64 | 0.3.1 | 23.87 | 376.40 | 400.27 | OK | |
| r-release-linux-x86_64 | 0.3.1 | 21.08 | 380.78 | 401.86 | OK | |
| r-release-macos-arm64 | 0.3.1 | OK | ||||
| r-release-macos-x86_64 | 0.3.1 | 25.00 | 263.00 | 288.00 | OK | |
| r-release-windows-x86_64 | 0.3.1 | 29.00 | 381.00 | 410.00 | OK | |
| r-oldrel-macos-arm64 | 0.3.1 | NOTE | ||||
| r-oldrel-macos-x86_64 | 0.3.1 | 27.00 | 281.00 | 308.00 | NOTE | |
| r-oldrel-windows-x86_64 | 0.3.1 | 36.00 | 500.00 | 536.00 | NOTE |
Version: 0.3.1
Check: installed package size
Result: NOTE
installed size is 10.3Mb
sub-directories of 1Mb or more:
data 1.6Mb
doc 8.2Mb
Flavors: r-oldrel-macos-arm64, r-oldrel-macos-x86_64, r-oldrel-windows-x86_64