Last updated on 2025-10-26 09:49:50 CET.
| Flavor | Version | Tinstall | Tcheck | Ttotal | Status | Flags | 
|---|---|---|---|---|---|---|
| r-devel-linux-x86_64-debian-clang | 2021.1.2 | 2.74 | 153.76 | 156.50 | OK | |
| r-devel-linux-x86_64-debian-gcc | 2021.1.2 | 2.08 | 107.26 | 109.34 | OK | |
| r-devel-linux-x86_64-fedora-clang | 2021.1.2 | 20.00 | 214.37 | 234.37 | NOTE | |
| r-devel-linux-x86_64-fedora-gcc | 2021.1.2 | 239.62 | NOTE | |||
| r-devel-windows-x86_64 | 2021.1.2 | 6.00 | 167.00 | 173.00 | OK | |
| r-patched-linux-x86_64 | 2021.1.2 | 3.01 | 160.80 | 163.81 | OK | |
| r-release-linux-x86_64 | 2021.1.2 | 2.83 | 162.77 | 165.60 | ERROR | |
| r-release-macos-arm64 | 2021.1.2 | 2.00 | 133.00 | 135.00 | OK | |
| r-release-macos-x86_64 | 2021.1.2 | 3.00 | 162.00 | 165.00 | OK | |
| r-release-windows-x86_64 | 2021.1.2 | 6.00 | 168.00 | 174.00 | OK | |
| r-oldrel-macos-arm64 | 2021.1.2 | 1.00 | 78.00 | 79.00 | OK | |
| r-oldrel-macos-x86_64 | 2021.1.2 | 2.00 | 147.00 | 149.00 | OK | |
| r-oldrel-windows-x86_64 | 2021.1.2 | 6.00 | 228.00 | 234.00 | OK | 
Version: 2021.1.2
Check: dependencies in R code
Result: NOTE
  Namespaces in Imports field not imported from:
    ‘dlnm’ ‘ggplot2’ ‘mvmeta’ ‘pbs’ ‘tsModel’
    All declared Imports should be used.
Flavors: r-devel-linux-x86_64-fedora-clang, r-devel-linux-x86_64-fedora-gcc
Version: 2021.1.2
Check: tests
Result: ERROR
    Running ‘testthat.R’ [78s/96s]
  Running the tests in ‘tests/testthat.R’ failed.
  Complete output:
    > library(testthat)
    > library(attrib)
    attrib 2021.1.2 https://folkehelseinstituttet.github.io/attrib
    > 
    > test_check("attrib")
    
      |                                                                            
      |                                                                      |   0%
      |                                                                            
      |===================================                                   |  50%
      |                                                                            
      |======================================================================| 100%[ FAIL 2 | WARN 0 | SKIP 0 | PASS 6 ]
    
    ══ Failed tests ════════════════════════════════════════════════════════════════
    ── Failure ('test_fake.R:159:3'): simmulations ─────────────────────────────────
    round(as.numeric(median(dif_obs), 0)) not equal to c(0).
    1/1 mismatches
    [1] -1 - 0 == -1
    ── Failure ('test_fake.R:167:3'): simmulations ─────────────────────────────────
    round(as.numeric(median(dif), 0)) not equal to c(0).
    1/1 mismatches
    [1] -1 - 0 == -1
    
    [ FAIL 2 | WARN 0 | SKIP 0 | PASS 6 ]
    Error: Test failures
    Execution halted
Flavor: r-release-linux-x86_64