Last updated on 2025-10-25 13:48:30 CEST.
| Flavor | Version | Tinstall | Tcheck | Ttotal | Status | Flags |
|---|---|---|---|---|---|---|
| r-devel-linux-x86_64-debian-clang | 0.2.0 | 31.07 | 102.54 | 133.61 | NOTE | |
| r-devel-linux-x86_64-debian-gcc | 0.2.0 | 20.24 | 71.96 | 92.20 | NOTE | |
| r-devel-linux-x86_64-fedora-clang | 0.2.0 | 73.00 | 138.95 | 211.95 | OK | |
| r-devel-linux-x86_64-fedora-gcc | 0.2.0 | 75.00 | 135.80 | 210.80 | OK | |
| r-devel-windows-x86_64 | 0.2.0 | 36.00 | 118.00 | 154.00 | OK | |
| r-patched-linux-x86_64 | 0.2.0 | 28.52 | 92.58 | 121.10 | OK | |
| r-release-linux-x86_64 | 0.2.0 | 28.09 | 93.86 | 121.95 | OK | |
| r-release-macos-arm64 | 0.2.0 | 11.00 | 42.00 | 53.00 | OK | |
| r-release-macos-x86_64 | 0.2.0 | 15.00 | 76.00 | 91.00 | OK | |
| r-release-windows-x86_64 | 0.2.0 | 37.00 | 115.00 | 152.00 | OK | |
| r-oldrel-macos-arm64 | 0.2.0 | 14.00 | 45.00 | 59.00 | OK | |
| r-oldrel-macos-x86_64 | 0.2.0 | 14.00 | 71.00 | 85.00 | OK | |
| r-oldrel-windows-x86_64 | 0.2.0 | 46.00 | 151.00 | 197.00 | OK |
Version: 0.2.0
Check: CRAN incoming feasibility
Result: NOTE
Maintainer: ‘Vivien Goepp <vivien.goepp@gmail.com>’
The Description field contains
Selection", <arXiv:1808.01770>.
Please refer to arXiv e-prints via their arXiv DOI <doi:10.48550/arXiv.YYMM.NNNNN>.
Flavors: r-devel-linux-x86_64-debian-clang, r-devel-linux-x86_64-debian-gcc