Last updated on 2025-10-25 21:49:34 CEST.
| Flavor | Version | Tinstall | Tcheck | Ttotal | Status | Flags |
|---|---|---|---|---|---|---|
| r-devel-linux-x86_64-debian-clang | 0.2.0 | 2.44 | 31.81 | 34.25 | OK | |
| r-devel-linux-x86_64-debian-gcc | 0.2.0 | 1.92 | 25.23 | 27.15 | OK | |
| r-devel-linux-x86_64-fedora-clang | 0.2.0 | 50.67 | OK | |||
| r-devel-linux-x86_64-fedora-gcc | 0.2.0 | 62.76 | OK | |||
| r-devel-windows-x86_64 | 0.2.0 | 6.00 | 56.00 | 62.00 | OK | |
| r-patched-linux-x86_64 | 0.2.0 | 3.48 | 29.09 | 32.57 | OK | |
| r-release-linux-x86_64 | 0.2.0 | 2.45 | 29.03 | 31.48 | OK | |
| r-release-macos-arm64 | 0.2.0 | 2.00 | 34.00 | 36.00 | OK | |
| r-release-macos-x86_64 | 0.2.0 | 3.00 | 56.00 | 59.00 | OK | |
| r-release-windows-x86_64 | 0.2.0 | 11.00 | 57.00 | 68.00 | OK | |
| r-oldrel-macos-arm64 | 0.2.0 | 2.00 | 23.00 | 25.00 | NOTE | |
| r-oldrel-macos-x86_64 | 0.2.0 | 4.00 | 41.00 | 45.00 | NOTE | |
| r-oldrel-windows-x86_64 | 0.2.0 | 7.00 | 64.00 | 71.00 | NOTE |
Version: 0.2.0
Check: LazyData
Result: NOTE
'LazyData' is specified without a 'data' directory
Flavors: r-oldrel-macos-arm64, r-oldrel-macos-x86_64, r-oldrel-windows-x86_64