Last updated on 2025-10-25 13:48:30 CEST.
| Flavor | Version | Tinstall | Tcheck | Ttotal | Status | Flags |
|---|---|---|---|---|---|---|
| r-devel-linux-x86_64-debian-clang | 2.3.8 | 9.36 | 87.71 | 97.07 | NOTE | |
| r-devel-linux-x86_64-debian-gcc | 2.3.8 | 6.51 | 62.79 | 69.30 | NOTE | |
| r-devel-linux-x86_64-fedora-clang | 2.3.8 | 18.00 | 121.31 | 139.31 | OK | |
| r-devel-linux-x86_64-fedora-gcc | 2.3.8 | 21.00 | 115.35 | 136.35 | OK | |
| r-devel-windows-x86_64 | 2.3.8 | 11.00 | 117.00 | 128.00 | OK | |
| r-patched-linux-x86_64 | 2.3.8 | 12.18 | 83.71 | 95.89 | NOTE | |
| r-release-linux-x86_64 | 2.3.8 | 8.80 | 83.40 | 92.20 | NOTE | |
| r-release-macos-arm64 | 2.3.8 | 4.00 | 38.00 | 42.00 | OK | |
| r-release-macos-x86_64 | 2.3.8 | 9.00 | 74.00 | 83.00 | OK | |
| r-release-windows-x86_64 | 2.3.8 | 11.00 | 116.00 | 127.00 | OK | |
| r-oldrel-macos-arm64 | 2.3.8 | 4.00 | 36.00 | 40.00 | OK | |
| r-oldrel-macos-x86_64 | 2.3.8 | 9.00 | 90.00 | 99.00 | OK | |
| r-oldrel-windows-x86_64 | 2.3.8 | 14.00 | 135.00 | 149.00 | OK |
Version: 2.3.8
Check: for unstated dependencies in ‘demo’
Result: NOTE
'library' or 'require' call not declared from: ‘gridExtra’
Flavors: r-devel-linux-x86_64-debian-clang, r-devel-linux-x86_64-debian-gcc, r-patched-linux-x86_64, r-release-linux-x86_64