CRAN Package Check Results for Package aoristic

Last updated on 2025-11-26 13:49:56 CET.

Flavor Version Tinstall Tcheck Ttotal Status Flags
r-devel-linux-x86_64-debian-clang 1.1.1 7.95 75.39 83.34 NOTE
r-devel-linux-x86_64-debian-gcc 1.1.1 5.23 50.79 56.02 NOTE
r-devel-linux-x86_64-fedora-clang 1.1.1 18.00 105.40 123.40 OK
r-devel-linux-x86_64-fedora-gcc 1.1.1 16.00 100.76 116.76 OK
r-devel-windows-x86_64 1.1.1 11.00 76.00 87.00 OK
r-patched-linux-x86_64 1.1.1 7.96 67.91 75.87 OK
r-release-linux-x86_64 1.1.1 7.09 68.11 75.20 OK
r-release-macos-arm64 1.1.1 OK
r-release-macos-x86_64 1.1.1 5.00 44.00 49.00 OK
r-release-windows-x86_64 1.1.1 10.00 84.00 94.00 OK
r-oldrel-macos-arm64 1.1.1 OK
r-oldrel-macos-x86_64 1.1.1 4.00 37.00 41.00 OK
r-oldrel-windows-x86_64 1.1.1 12.00 97.00 109.00 OK

Check Details

Version: 1.1.1
Check: CRAN incoming feasibility
Result: NOTE Maintainer: ‘Jerry Ratcliffe <jhr@temple.edu>’ No Authors@R field in DESCRIPTION. Please add one, modifying Authors@R: person(given = "Jerry", family = "Ratcliffe", role = c("aut", "cre"), email = "jhr@temple.edu") as necessary. Flavors: r-devel-linux-x86_64-debian-clang, r-devel-linux-x86_64-debian-gcc