CRAN Package Check Results for Package aniview

Last updated on 2025-10-25 05:49:55 CEST.

Flavor Version Tinstall Tcheck Ttotal Status Flags
r-devel-linux-x86_64-debian-clang 0.1.0 2.18 26.96 29.14 OK
r-devel-linux-x86_64-debian-gcc 0.1.0 1.68 22.44 24.12 OK
r-devel-linux-x86_64-fedora-clang 0.1.0 40.29 OK
r-devel-linux-x86_64-fedora-gcc 0.1.0 38.59 OK
r-devel-windows-x86_64 0.1.0 4.00 47.00 51.00 OK
r-patched-linux-x86_64 0.1.0 1.81 24.47 26.28 OK
r-release-linux-x86_64 0.1.0 1.93 24.51 26.44 OK
r-release-macos-arm64 0.1.0 1.00 18.00 19.00 OK
r-release-macos-x86_64 0.1.0 2.00 29.00 31.00 OK
r-release-windows-x86_64 0.1.0 4.00 50.00 54.00 OK
r-oldrel-macos-arm64 0.1.0 1.00 17.00 18.00 NOTE
r-oldrel-macos-x86_64 0.1.0 2.00 24.00 26.00 NOTE
r-oldrel-windows-x86_64 0.1.0 4.00 54.00 58.00 NOTE

Check Details

Version: 0.1.0
Check: LazyData
Result: NOTE 'LazyData' is specified without a 'data' directory Flavors: r-oldrel-macos-arm64, r-oldrel-macos-x86_64, r-oldrel-windows-x86_64