Last updated on 2025-10-25 21:49:33 CEST.
| Flavor | Version | Tinstall | Tcheck | Ttotal | Status | Flags |
|---|---|---|---|---|---|---|
| r-devel-linux-x86_64-debian-clang | 0.1.0 | 15.10 | 117.38 | 132.48 | NOTE | |
| r-devel-linux-x86_64-debian-gcc | 0.1.0 | 10.09 | 82.51 | 92.60 | NOTE | |
| r-devel-linux-x86_64-fedora-clang | 0.1.0 | 29.00 | 170.92 | 199.92 | NOTE | |
| r-devel-linux-x86_64-fedora-gcc | 0.1.0 | 26.00 | 175.68 | 201.68 | NOTE | |
| r-devel-windows-x86_64 | 0.1.0 | 16.00 | 116.00 | 132.00 | NOTE | |
| r-patched-linux-x86_64 | 0.1.0 | 13.39 | 108.66 | 122.05 | NOTE | |
| r-release-linux-x86_64 | 0.1.0 | 13.01 | 108.32 | 121.33 | NOTE | |
| r-release-macos-arm64 | 0.1.0 | 5.00 | 51.00 | 56.00 | NOTE | |
| r-release-macos-x86_64 | 0.1.0 | 11.00 | 87.00 | 98.00 | NOTE | |
| r-release-windows-x86_64 | 0.1.0 | 17.00 | 114.00 | 131.00 | NOTE | |
| r-oldrel-macos-arm64 | 0.1.0 | 5.00 | 48.00 | 53.00 | NOTE | |
| r-oldrel-macos-x86_64 | 0.1.0 | 8.00 | 69.00 | 77.00 | NOTE | |
| r-oldrel-windows-x86_64 | 0.1.0 | 22.00 | 151.00 | 173.00 | NOTE |
Version: 0.1.0
Check: Rd files
Result: NOTE
checkRd: (-1) compare_cohorts.Rd:35: Lost braces in \itemize; meant \describe ?
checkRd: (-1) compare_cohorts.Rd:36: Lost braces in \itemize; meant \describe ?
Flavors: r-devel-linux-x86_64-debian-clang, r-devel-linux-x86_64-debian-gcc, r-devel-linux-x86_64-fedora-clang, r-devel-linux-x86_64-fedora-gcc, r-devel-windows-x86_64, r-patched-linux-x86_64, r-release-linux-x86_64, r-release-macos-arm64, r-release-macos-x86_64, r-release-windows-x86_64, r-oldrel-macos-arm64, r-oldrel-macos-x86_64, r-oldrel-windows-x86_64