Last updated on 2025-10-26 09:49:49 CET.
| Flavor | Version | Tinstall | Tcheck | Ttotal | Status | Flags |
|---|---|---|---|---|---|---|
| r-devel-linux-x86_64-debian-clang | 1.4.3 | 8.86 | 79.16 | 88.02 | NOTE | |
| r-devel-linux-x86_64-debian-gcc | 1.4.3 | 6.30 | 56.65 | 62.95 | NOTE | |
| r-devel-linux-x86_64-fedora-clang | 1.4.3 | 20.00 | 115.05 | 135.05 | NOTE | |
| r-devel-linux-x86_64-fedora-gcc | 1.4.3 | 18.00 | 120.29 | 138.29 | NOTE | |
| r-devel-windows-x86_64 | 1.4.3 | 11.00 | 83.00 | 94.00 | NOTE | |
| r-patched-linux-x86_64 | 1.4.3 | 8.25 | 71.85 | 80.10 | NOTE | |
| r-release-linux-x86_64 | 1.4.3 | 8.92 | 72.70 | 81.62 | NOTE | |
| r-release-macos-arm64 | 1.4.3 | 3.00 | 36.00 | 39.00 | NOTE | |
| r-release-macos-x86_64 | 1.4.3 | 7.00 | 69.00 | 76.00 | NOTE | |
| r-release-windows-x86_64 | 1.4.3 | 11.00 | 82.00 | 93.00 | NOTE | |
| r-oldrel-macos-arm64 | 1.4.3 | 4.00 | 42.00 | 46.00 | OK | |
| r-oldrel-macos-x86_64 | 1.4.3 | 13.00 | 117.00 | 130.00 | OK | |
| r-oldrel-windows-x86_64 | 1.4.3 | 17.00 | 108.00 | 125.00 | OK |
Version: 1.4.3
Check: DESCRIPTION meta-information
Result: NOTE
Missing dependency on R >= 4.1.0 because package code uses the pipe
|> or function shorthand \(...) syntax added in R 4.1.0.
File(s) using such syntax:
‘airship.R’
Flavors: r-devel-linux-x86_64-debian-clang, r-devel-linux-x86_64-debian-gcc, r-devel-linux-x86_64-fedora-clang, r-devel-linux-x86_64-fedora-gcc, r-devel-windows-x86_64, r-patched-linux-x86_64, r-release-linux-x86_64, r-release-macos-arm64, r-release-macos-x86_64, r-release-windows-x86_64