Last updated on 2025-10-26 09:49:49 CET.
| Flavor | Version | Tinstall | Tcheck | Ttotal | Status | Flags |
|---|---|---|---|---|---|---|
| r-devel-linux-x86_64-debian-clang | 0.5-3 | 10.06 | 81.94 | 92.00 | NOTE | |
| r-devel-linux-x86_64-debian-gcc | 0.5-3 | 8.04 | 61.15 | 69.19 | NOTE | |
| r-devel-linux-x86_64-fedora-clang | 0.5-3 | 22.00 | 120.52 | 142.52 | OK | |
| r-devel-linux-x86_64-fedora-gcc | 0.5-3 | 22.00 | 114.53 | 136.53 | OK | |
| r-devel-windows-x86_64 | 0.5-3 | 12.00 | 85.00 | 97.00 | OK | |
| r-patched-linux-x86_64 | 0.5-3 | 11.00 | 78.61 | 89.61 | OK | |
| r-release-linux-x86_64 | 0.5-3 | 10.56 | 78.05 | 88.61 | OK | |
| r-release-macos-arm64 | 0.5-3 | 5.00 | 41.00 | 46.00 | OK | |
| r-release-macos-x86_64 | 0.5-3 | 12.00 | 73.00 | 85.00 | OK | |
| r-release-windows-x86_64 | 0.5-3 | 13.00 | 88.00 | 101.00 | OK | |
| r-oldrel-macos-arm64 | 0.5-3 | 5.00 | 34.00 | 39.00 | OK | |
| r-oldrel-macos-x86_64 | 0.5-3 | 7.00 | 69.00 | 76.00 | OK | |
| r-oldrel-windows-x86_64 | 0.5-3 | 16.00 | 110.00 | 126.00 | OK |
Version: 0.5-3
Check: CRAN incoming feasibility
Result: NOTE
Maintainer: ‘Dai Feng <daifeng.stat@gmail.com>’
No Authors@R field in DESCRIPTION.
Please add one, modifying
Authors@R: person(given = "Dai",
family = "Feng",
role = c("aut", "cre"),
email = "daifeng.stat@gmail.com")
as necessary.
Flavors: r-devel-linux-x86_64-debian-clang, r-devel-linux-x86_64-debian-gcc