Last updated on 2025-10-25 21:49:33 CEST.
| Flavor | Version | Tinstall | Tcheck | Ttotal | Status | Flags |
|---|---|---|---|---|---|---|
| r-devel-linux-x86_64-debian-clang | 4.3.2.3 | 99.89 | 115.49 | 215.38 | OK | |
| r-devel-linux-x86_64-debian-gcc | 4.3.2.3 | 45.21 | 83.77 | 128.98 | OK | |
| r-devel-linux-x86_64-fedora-clang | 4.3.2.3 | 396.00 | -95.33 | 300.67 | OK | |
| r-devel-linux-x86_64-fedora-gcc | 4.3.2.3 | 144.00 | 138.85 | 282.85 | OK | |
| r-devel-windows-x86_64 | 4.3.2.3 | 56.00 | 141.00 | 197.00 | OK | |
| r-patched-linux-x86_64 | 4.3.2.3 | 54.62 | 113.35 | 167.97 | OK | |
| r-release-linux-x86_64 | 4.3.2.3 | 54.73 | 113.11 | 167.84 | OK | |
| r-release-macos-arm64 | 4.3.2.3 | 27.00 | 47.00 | 74.00 | OK | |
| r-release-macos-x86_64 | 4.3.2.3 | 51.00 | 77.00 | 128.00 | OK | |
| r-release-windows-x86_64 | 4.3.2.3 | 55.00 | 139.00 | 194.00 | OK | |
| r-oldrel-macos-arm64 | 4.3.2.3 | 27.00 | 47.00 | 74.00 | NOTE | |
| r-oldrel-macos-x86_64 | 4.3.2.3 | 42.00 | 69.00 | 111.00 | NOTE | |
| r-oldrel-windows-x86_64 | 4.3.2.3 | 78.00 | 182.00 | 260.00 | OK |
Version: 4.3.2.3
Check: installed package size
Result: NOTE
installed size is 6.9Mb
sub-directories of 1Mb or more:
libs 6.8Mb
Flavors: r-oldrel-macos-arm64, r-oldrel-macos-x86_64