CRAN Package Check Results for Package adventr

Last updated on 2025-10-25 13:48:30 CEST.

Flavor Version Tinstall Tcheck Ttotal Status Flags
r-devel-linux-x86_64-debian-clang 0.1.8 4.16 38.29 42.45 OK
r-devel-linux-x86_64-debian-gcc 0.1.8 3.46 30.09 33.55 OK
r-devel-linux-x86_64-fedora-clang 0.1.8 15.00 53.04 68.04 NOTE
r-devel-linux-x86_64-fedora-gcc 0.1.8 77.21 NOTE
r-devel-windows-x86_64 0.1.8 8.00 56.00 64.00 OK
r-patched-linux-x86_64 0.1.8 4.65 36.22 40.87 OK
r-release-linux-x86_64 0.1.8 4.15 36.34 40.49 OK
r-release-macos-arm64 0.1.8 3.00 32.00 35.00 OK
r-release-macos-x86_64 0.1.8 3.00 44.00 47.00 OK
r-release-windows-x86_64 0.1.8 8.00 58.00 66.00 OK
r-oldrel-macos-arm64 0.1.8 2.00 28.00 30.00 NOTE
r-oldrel-macos-x86_64 0.1.8 3.00 38.00 41.00 NOTE
r-oldrel-windows-x86_64 0.1.8 10.00 67.00 77.00 NOTE

Check Details

Version: 0.1.8
Check: dependencies in R code
Result: NOTE Namespaces in Imports field not imported from: ‘BayesFactor’ ‘GGally’ ‘Hmisc’ ‘WRS2’ ‘boot’ ‘car’ ‘dplyr’ ‘effects’ ‘effsize’ ‘forcats’ ‘ggplot2’ ‘lm.beta’ ‘nlme’ ‘readr’ ‘robust’ ‘sandwich’ ‘sjstats’ ‘tidyr’ All declared Imports should be used. Flavors: r-devel-linux-x86_64-fedora-clang, r-devel-linux-x86_64-fedora-gcc

Version: 0.1.8
Check: installed package size
Result: NOTE installed size is 5.7Mb sub-directories of 1Mb or more: tutorials 5.5Mb Flavors: r-oldrel-macos-arm64, r-oldrel-macos-x86_64, r-oldrel-windows-x86_64