CRAN Package Check Results for Package acroname

Last updated on 2025-10-26 17:50:28 CET.

Flavor Version Tinstall Tcheck Ttotal Status Flags
r-devel-linux-x86_64-debian-clang 0.1.0 1.93 24.46 26.39 OK
r-devel-linux-x86_64-debian-gcc 0.1.0 1.42 20.12 21.54 OK
r-devel-linux-x86_64-fedora-clang 0.1.0 36.72 NOTE
r-devel-linux-x86_64-fedora-gcc 0.1.0 35.17 NOTE
r-devel-windows-x86_64 0.1.0 4.00 46.00 50.00 OK
r-patched-linux-x86_64 0.1.0 2.01 22.38 24.39 OK
r-release-linux-x86_64 0.1.0 1.70 22.32 24.02 OK
r-release-macos-arm64 0.1.0 1.00 19.00 20.00 OK
r-release-macos-x86_64 0.1.0 2.00 39.00 41.00 OK
r-release-windows-x86_64 0.1.0 6.00 49.00 55.00 OK
r-oldrel-macos-arm64 0.1.0 1.00 16.00 17.00 NOTE
r-oldrel-macos-x86_64 0.1.0 2.00 22.00 24.00 NOTE
r-oldrel-windows-x86_64 0.1.0 4.00 53.00 57.00 NOTE

Check Details

Version: 0.1.0
Check: dependencies in R code
Result: NOTE Namespace in Imports field not imported from: ‘hunspell’ All declared Imports should be used. Flavors: r-devel-linux-x86_64-fedora-clang, r-devel-linux-x86_64-fedora-gcc

Version: 0.1.0
Check: LazyData
Result: NOTE 'LazyData' is specified without a 'data' directory Flavors: r-oldrel-macos-arm64, r-oldrel-macos-x86_64, r-oldrel-windows-x86_64

Version: 0.1.0
Check: package dependencies
Result: NOTE Package suggested but not available for checking: ‘testthat’ Flavor: r-oldrel-macos-x86_64