Last updated on 2025-11-26 17:49:46 CET.
| Flavor | Version | Tinstall | Tcheck | Ttotal | Status | Flags |
|---|---|---|---|---|---|---|
| r-devel-linux-x86_64-debian-clang | 3.1.9 | 140.35 | 187.77 | 328.12 | OK | --no-tests |
| r-devel-linux-x86_64-debian-gcc | 3.1.9 | 93.54 | 129.80 | 223.34 | OK | --no-tests |
| r-devel-linux-x86_64-fedora-clang | 3.1.12 | 600.00 | 2174.83 | 2774.83 | OK | |
| r-devel-linux-x86_64-fedora-gcc | 3.1.12 | 600.00 | 2150.32 | 2750.32 | OK | |
| r-devel-windows-x86_64 | 3.1.9 | 191.00 | 316.00 | 507.00 | OK | |
| r-patched-linux-x86_64 | 3.1.9 | 138.11 | 173.73 | 311.84 | OK | --no-tests |
| r-release-linux-x86_64 | 3.1.9 | 142.14 | 173.65 | 315.79 | OK | --no-tests |
| r-release-macos-arm64 | 3.1.12 | 12.00 | 309.00 | 321.00 | OK | |
| r-release-macos-x86_64 | 3.1.12 | 74.00 | 977.00 | 1051.00 | OK | |
| r-release-windows-x86_64 | 3.1.9 | 170.00 | 315.00 | 485.00 | OK | |
| r-oldrel-macos-arm64 | 3.1.12 | 14.00 | 310.00 | 324.00 | NOTE | |
| r-oldrel-macos-x86_64 | 3.1.12 | 86.00 | 983.00 | 1069.00 | NOTE | |
| r-oldrel-windows-x86_64 | 3.1.12 | 118.00 | 407.00 | 525.00 | NOTE |
Version: 3.1.12
Check: package dependencies
Result: NOTE
Package suggested but not available for checking: ‘INLA’
Flavors: r-oldrel-macos-arm64, r-oldrel-macos-x86_64
Version: 3.1.12
Check: installed package size
Result: NOTE
installed size is 12.3Mb
sub-directories of 1Mb or more:
extdata 2.9Mb
libs 7.2Mb
Flavors: r-oldrel-macos-arm64, r-oldrel-macos-x86_64, r-oldrel-windows-x86_64