Last updated on 2025-10-26 13:50:13 CET.
| Flavor | Version | Tinstall | Tcheck | Ttotal | Status | Flags |
|---|---|---|---|---|---|---|
| r-devel-linux-x86_64-debian-clang | 1.0.1 | 375.55 | 165.75 | 541.30 | OK | |
| r-devel-linux-x86_64-debian-gcc | 1.0.1 | 324.56 | 150.10 | 474.66 | OK | |
| r-devel-linux-x86_64-fedora-clang | 1.0.1 | 720.00 | 158.95 | 878.95 | OK | |
| r-devel-linux-x86_64-fedora-gcc | 1.0.1 | 1020.00 | 50.00 | 1070.00 | OK | |
| r-devel-windows-x86_64 | 1.0.1 | 402.00 | 204.00 | 606.00 | OK | |
| r-patched-linux-x86_64 | 1.0.1 | 429.65 | 196.12 | 625.77 | OK | |
| r-release-linux-x86_64 | 1.0.1 | 425.91 | 195.10 | 621.01 | OK | |
| r-release-macos-arm64 | 1.0.1 | 130.00 | 65.00 | 195.00 | OK | |
| r-release-macos-x86_64 | 1.0.1 | 182.00 | 132.00 | 314.00 | OK | |
| r-release-windows-x86_64 | 1.0.1 | 387.00 | 210.00 | 597.00 | OK | |
| r-oldrel-macos-arm64 | 1.0.1 | 76.00 | 40.00 | 116.00 | NOTE | |
| r-oldrel-macos-x86_64 | 1.0.1 | 71.00 | 68.00 | 139.00 | NOTE | |
| r-oldrel-windows-x86_64 | 1.0.1 | 450.00 | 267.00 | 717.00 | NOTE |
Version: 1.0.1
Check: installed package size
Result: NOTE
installed size is 92.1Mb
sub-directories of 1Mb or more:
data 4.2Mb
libs 87.3Mb
Flavors: r-oldrel-macos-arm64, r-oldrel-macos-x86_64, r-oldrel-windows-x86_64
Version: 1.0.1
Check: for GNU extensions in Makefiles
Result: NOTE
GNU make is a SystemRequirements.
Flavors: r-oldrel-macos-arm64, r-oldrel-macos-x86_64, r-oldrel-windows-x86_64