Last updated on 2025-10-25 09:49:50 CEST.
| Flavor | Version | Tinstall | Tcheck | Ttotal | Status | Flags |
|---|---|---|---|---|---|---|
| r-devel-linux-x86_64-debian-clang | 0.4.1 | 30.00 | 431.21 | 461.21 | OK | |
| r-devel-linux-x86_64-debian-gcc | 0.4.1 | 20.46 | 296.03 | 316.49 | ERROR | |
| r-devel-linux-x86_64-fedora-clang | 0.4.1 | 144.00 | 605.48 | 749.48 | OK | |
| r-devel-linux-x86_64-fedora-gcc | 0.4.1 | 61.00 | 631.81 | 692.81 | OK | |
| r-devel-windows-x86_64 | 0.4.1 | 30.00 | 352.00 | 382.00 | OK | |
| r-patched-linux-x86_64 | 0.4.1 | 26.78 | 410.76 | 437.54 | OK | |
| r-release-linux-x86_64 | 0.4.1 | 26.12 | 413.10 | 439.22 | OK | |
| r-release-macos-arm64 | 0.4.1 | 5.00 | ERROR | |||
| r-release-macos-x86_64 | 0.4.1 | 32.00 | 316.00 | 348.00 | OK | |
| r-release-windows-x86_64 | 0.4.1 | 29.00 | 359.00 | 388.00 | OK | |
| r-oldrel-macos-arm64 | 0.4.1 | 15.00 | 196.00 | 211.00 | OK | |
| r-oldrel-macos-x86_64 | 0.4.1 | 31.00 | 320.00 | 351.00 | OK | |
| r-oldrel-windows-x86_64 | 0.4.1 | 42.00 | 488.00 | 530.00 | OK |
Version: 0.4.1
Check: tests
Result: ERROR
Running ‘01-testEdge.R’ [7s/10s]
Running ‘02-testNode.R’ [8s/9s]
Running ‘03-testGroup.R’ [7s/9s]
Running ‘04-testAnchor.R’ [8s/9s]
Running ‘05-testIgraph.R’ [8s/10s]
Running ‘06-testCycle.R’ [8s/10s]
Running ‘06-testShapes.R’ [8s/9s]
Running ‘10-testKeggUtil.R’ [11s/25s]
Running ‘11-testkgml.R’ [19s/28s]
Running the tests in ‘tests/10-testKeggUtil.R’ failed.
Complete output:
> library(WayFindR)
> ## input directly from file
> xmlfile <- system.file("pathways/kegg_hsa00510.xml", package = "WayFindR")
>
> entries <- collectEntries(xmlfile, "one")
Error in collectEntries(xmlfile, "one") :
Entries: Bad replacement: 81, compound
In addition: Warning message:
In retrieve.PubChemInstance(object = list(result = list(), request_args = list( :
'object' encountered an error. Nothing to return.
See error details in 'object'.
Execution halted
Flavor: r-devel-linux-x86_64-debian-gcc
Version: 0.4.1
Check: package dependencies
Result: ERROR
Package required but not available: ‘org.Hs.eg.db’
See section ‘The DESCRIPTION file’ in the ‘Writing R Extensions’
manual.
Flavor: r-release-macos-arm64