Last updated on 2025-07-08 21:48:39 CEST.
Flavor | Version | Tinstall | Tcheck | Ttotal | Status | Flags |
---|---|---|---|---|---|---|
r-devel-linux-x86_64-debian-clang | 2.1 | 11.72 | 97.45 | 109.17 | NOTE | |
r-devel-linux-x86_64-debian-gcc | 2.1 | 8.37 | 70.21 | 78.58 | NOTE | |
r-devel-linux-x86_64-fedora-clang | 2.1 | 181.56 | OK | |||
r-devel-linux-x86_64-fedora-gcc | 2.1 | 179.78 | OK | |||
r-devel-windows-x86_64 | 2.1 | 14.00 | 109.00 | 123.00 | OK | |
r-patched-linux-x86_64 | 2.1 | 11.65 | 92.06 | 103.71 | OK | |
r-release-linux-x86_64 | 2.1 | 10.89 | 91.25 | 102.14 | OK | |
r-release-macos-arm64 | 2.1 | 56.00 | OK | |||
r-release-macos-x86_64 | 2.1 | 101.00 | OK | |||
r-release-windows-x86_64 | 2.1 | 13.00 | 105.00 | 118.00 | OK | |
r-oldrel-macos-arm64 | 2.1 | 53.00 | OK | |||
r-oldrel-macos-x86_64 | 2.1 | 79.00 | OK | |||
r-oldrel-windows-x86_64 | 2.1 | 17.00 | 134.00 | 151.00 | OK |
Version: 2.1
Check: CRAN incoming feasibility
Result: NOTE
Maintainer: ‘Wencan Zhu <wencan.zhu@yahoo.com>’
No Authors@R field in DESCRIPTION.
Please add one, modifying
Authors@R: person(given = "Wencan",
family = "Zhu",
role = c("aut", "cre"),
email = "wencan.zhu@yahoo.com")
as necessary.
Flavors: r-devel-linux-x86_64-debian-clang, r-devel-linux-x86_64-debian-gcc