Last updated on 2025-07-12 21:51:01 CEST.
Flavor | Version | Tinstall | Tcheck | Ttotal | Status | Flags |
---|---|---|---|---|---|---|
r-devel-linux-x86_64-debian-clang | 1.0.0 | 3.50 | 85.66 | 89.16 | OK | |
r-devel-linux-x86_64-debian-gcc | 1.0.0 | 2.18 | 61.32 | 63.50 | OK | |
r-devel-linux-x86_64-fedora-clang | 1.0.0 | 118.64 | OK | |||
r-devel-linux-x86_64-fedora-gcc | 1.0.0 | 105.55 | OK | |||
r-devel-windows-x86_64 | 1.0.0 | 7.00 | 81.00 | 88.00 | OK | |
r-patched-linux-x86_64 | 1.0.0 | 3.05 | 66.74 | 69.79 | OK | |
r-release-linux-x86_64 | 1.0.0 | 3.04 | 67.49 | 70.53 | OK | |
r-release-macos-arm64 | 1.0.0 | 48.00 | OK | |||
r-release-macos-x86_64 | 1.0.0 | 57.00 | OK | |||
r-release-windows-x86_64 | 1.0.0 | 8.00 | 87.00 | 95.00 | OK | |
r-oldrel-macos-arm64 | 1.0.0 | 28.00 | NOTE | |||
r-oldrel-macos-x86_64 | 1.0.0 | 46.00 | NOTE | |||
r-oldrel-windows-x86_64 | 1.0.0 | 9.00 | 101.00 | 110.00 | NOTE |
Version: 1.0.0
Check: LazyData
Result: NOTE
'LazyData' is specified without a 'data' directory
Flavors: r-oldrel-macos-arm64, r-oldrel-macos-x86_64, r-oldrel-windows-x86_64