Last updated on 2025-10-25 09:49:49 CEST.
| Flavor | Version | Tinstall | Tcheck | Ttotal | Status | Flags |
|---|---|---|---|---|---|---|
| r-devel-linux-x86_64-debian-clang | 0.1.0 | 1.90 | 28.09 | 29.99 | OK | |
| r-devel-linux-x86_64-debian-gcc | 0.1.0 | 1.52 | 21.67 | 23.19 | OK | |
| r-devel-linux-x86_64-fedora-clang | 0.1.0 | 46.26 | OK | |||
| r-devel-linux-x86_64-fedora-gcc | 0.1.0 | 45.19 | OK | |||
| r-devel-windows-x86_64 | 0.1.0 | 4.00 | 49.00 | 53.00 | OK | |
| r-patched-linux-x86_64 | 0.1.0 | 1.86 | 27.06 | 28.92 | OK | |
| r-release-linux-x86_64 | 0.1.0 | 1.85 | 27.01 | 28.86 | OK | |
| r-release-macos-arm64 | 0.1.0 | 1.00 | 19.00 | 20.00 | OK | |
| r-release-macos-x86_64 | 0.1.0 | 2.00 | 31.00 | 33.00 | OK | |
| r-release-windows-x86_64 | 0.1.0 | 4.00 | 51.00 | 55.00 | OK | |
| r-oldrel-macos-arm64 | 0.1.0 | 1.00 | 17.00 | 18.00 | NOTE | |
| r-oldrel-macos-x86_64 | 0.1.0 | 2.00 | 25.00 | 27.00 | NOTE | |
| r-oldrel-windows-x86_64 | 0.1.0 | 4.00 | 59.00 | 63.00 | NOTE |
Version: 0.1.0
Check: LazyData
Result: NOTE
'LazyData' is specified without a 'data' directory
Flavors: r-oldrel-macos-arm64, r-oldrel-macos-x86_64, r-oldrel-windows-x86_64