CRAN Package Check Results for Package VUROCS

Last updated on 2025-11-27 01:48:51 CET.

Flavor Version Tinstall Tcheck Ttotal Status Flags
r-devel-linux-x86_64-debian-clang 1.0 53.43 27.90 81.33 WARN
r-devel-linux-x86_64-debian-gcc 1.0 32.34 22.54 54.88 WARN
r-devel-linux-x86_64-fedora-clang 1.0 103.00 62.36 165.36 NOTE
r-devel-linux-x86_64-fedora-gcc 1.0 115.00 13.66 128.66 NOTE
r-devel-windows-x86_64 1.0 76.00 62.00 138.00 NOTE
r-patched-linux-x86_64 1.0 52.65 26.81 79.46 NOTE
r-release-linux-x86_64 1.0 52.67 26.75 79.42 NOTE
r-release-macos-arm64 1.0 NOTE
r-release-macos-x86_64 1.0 25.00 28.00 53.00 NOTE
r-release-windows-x86_64 1.0 66.00 81.00 147.00 NOTE
r-oldrel-macos-arm64 1.0 NOTE
r-oldrel-macos-x86_64 1.0 18.00 23.00 41.00 NOTE
r-oldrel-windows-x86_64 1.0 77.00 79.00 156.00 NOTE

Check Details

Version: 1.0
Check: whether package can be installed
Result: WARN Found the following significant warnings: /home/hornik/tmp/R.check/r-devel-clang/Work/build/Packages/RcppArmadillo/include/RcppArmadillo/version/arma.h:66:17: warning: Using fallback compilation with Armadillo 14.6.3. Please consider defining -DARMA_USE_CURRENT and also removing C++11 compilation directive. See GitHub issue #475 for more. [-W#pragma-messages] See ‘/home/hornik/tmp/R.check/r-devel-clang/Work/PKGS/VUROCS.Rcheck/00install.out’ for details. * used C compiler: ‘Debian clang version 21.1.5 (1)’ * used C++ compiler: ‘Debian clang version 21.1.5 (1)’ Flavor: r-devel-linux-x86_64-debian-clang

Version: 1.0
Check: C++ specification
Result: NOTE Specified C++11: please drop specification unless essential Flavors: r-devel-linux-x86_64-debian-clang, r-devel-linux-x86_64-debian-gcc, r-devel-windows-x86_64, r-patched-linux-x86_64, r-release-linux-x86_64, r-release-macos-arm64, r-release-macos-x86_64, r-release-windows-x86_64, r-oldrel-macos-arm64, r-oldrel-macos-x86_64, r-oldrel-windows-x86_64

Version: 1.0
Check: whether package can be installed
Result: WARN Found the following significant warnings: /home/hornik/tmp/R.check/r-devel-gcc/Work/build/Packages/RcppArmadillo/include/RcppArmadillo/version/arma.h:66:199: note: ‘#pragma message: Using fallback compilation with Armadillo 14.6.3. Please consider defining -DARMA_USE_CURRENT and also removing C++11 compilation directive. See GitHub issue #475 for more.’ See ‘/home/hornik/tmp/R.check/r-devel-gcc/Work/PKGS/VUROCS.Rcheck/00install.out’ for details. * used C compiler: ‘gcc-15 (Debian 15.2.0-7) 15.2.0’ * used C++ compiler: ‘g++-15 (Debian 15.2.0-7) 15.2.0’ Flavor: r-devel-linux-x86_64-debian-gcc

Version: 1.0
Check: C++ specification
Result: NOTE Specified C++11: support will be removed soon Flavors: r-devel-linux-x86_64-fedora-clang, r-devel-linux-x86_64-fedora-gcc