Last updated on 2025-10-26 13:50:13 CET.
| Flavor | Version | Tinstall | Tcheck | Ttotal | Status | Flags |
|---|---|---|---|---|---|---|
| r-devel-linux-x86_64-debian-clang | 1.0.1 | 8.37 | 20.39 | 28.76 | NOTE | |
| r-devel-linux-x86_64-debian-gcc | 1.0.1 | 7.25 | 17.42 | 24.67 | NOTE | |
| r-devel-linux-x86_64-fedora-clang | 1.0.1 | 15.00 | 28.74 | 43.74 | OK | |
| r-devel-linux-x86_64-fedora-gcc | 1.0.1 | 14.00 | 28.00 | 42.00 | OK | |
| r-devel-windows-x86_64 | 1.0.1 | 10.00 | 39.00 | 49.00 | OK | |
| r-patched-linux-x86_64 | 1.0.1 | 7.72 | 18.68 | 26.40 | OK | |
| r-release-linux-x86_64 | 1.0.1 | 7.70 | 18.76 | 26.46 | OK | |
| r-release-macos-arm64 | 1.0.1 | 7.00 | 16.00 | 23.00 | OK | |
| r-release-macos-x86_64 | 1.0.1 | 9.00 | 23.00 | 32.00 | OK | |
| r-release-windows-x86_64 | 1.0.1 | 10.00 | 46.00 | 56.00 | OK | |
| r-oldrel-macos-arm64 | 1.0.1 | 6.00 | 15.00 | 21.00 | NOTE | |
| r-oldrel-macos-x86_64 | 1.0.1 | 7.00 | 21.00 | 28.00 | NOTE | |
| r-oldrel-windows-x86_64 | 1.0.1 | 9.00 | 49.00 | 58.00 | NOTE |
Version: 1.0.1
Check: CRAN incoming feasibility
Result: NOTE
Maintainer: ‘Irucka Embry <iembry@ecoccs.com>’
No Authors@R field in DESCRIPTION.
Please add one, modifying
Authors@R: person(given = "Irucka",
family = "Embry",
role = c("aut", "cre"),
email = "iembry@ecoccs.com")
as necessary.
Flavors: r-devel-linux-x86_64-debian-clang, r-devel-linux-x86_64-debian-gcc
Version: 1.0.1
Check: package dependencies
Result: NOTE
Package suggested but not available for checking: ‘USA.state.boundaries.data’
Flavors: r-oldrel-macos-arm64, r-oldrel-macos-x86_64, r-oldrel-windows-x86_64
Version: 1.0.1
Check: installed package size
Result: NOTE
installed size is 7.2Mb
sub-directories of 1Mb or more:
data 7.1Mb
Flavors: r-oldrel-macos-arm64, r-oldrel-macos-x86_64, r-oldrel-windows-x86_64