CRAN Package Check Results for Package TidyMultiqc

Last updated on 2025-11-26 09:51:31 CET.

Flavor Version Tinstall Tcheck Ttotal Status Flags
r-devel-linux-x86_64-debian-clang 1.0.3 2.53 53.35 55.88 NOTE
r-devel-linux-x86_64-debian-gcc 1.0.3 2.02 38.54 40.56 NOTE
r-devel-linux-x86_64-fedora-clang 1.0.3 85.27 OK
r-devel-linux-x86_64-fedora-gcc 1.0.3 96.24 OK
r-devel-windows-x86_64 1.0.3 6.00 69.00 75.00 OK
r-patched-linux-x86_64 1.0.3 2.47 49.69 52.16 OK
r-release-linux-x86_64 1.0.3 2.57 49.01 51.58 OK
r-release-macos-arm64 1.0.3 OK
r-release-macos-x86_64 1.0.3 2.00 74.00 76.00 OK
r-release-windows-x86_64 1.0.3 5.00 70.00 75.00 OK
r-oldrel-macos-arm64 1.0.3 OK
r-oldrel-macos-x86_64 1.0.3 2.00 48.00 50.00 OK
r-oldrel-windows-x86_64 1.0.3 6.00 86.00 92.00 OK

Check Details

Version: 1.0.3
Check: CRAN incoming feasibility
Result: NOTE Maintainer: ‘Michael Milton <michael.r.milton@gmail.com>’ No Authors@R field in DESCRIPTION. Please add one, modifying Authors@R: person(given = "Michael", family = "Milton", role = c("aut", "cre"), email = "michael.r.milton@gmail.com") as necessary. Flavors: r-devel-linux-x86_64-debian-clang, r-devel-linux-x86_64-debian-gcc