Last updated on 2025-10-26 13:50:11 CET.
| Flavor | Version | Tinstall | Tcheck | Ttotal | Status | Flags |
|---|---|---|---|---|---|---|
| r-devel-linux-x86_64-debian-clang | 0.1.1 | 2.31 | 38.83 | 41.14 | OK | |
| r-devel-linux-x86_64-debian-gcc | 0.1.1 | 1.39 | 31.12 | 32.51 | OK | |
| r-devel-linux-x86_64-fedora-clang | 0.1.1 | 11.00 | 54.42 | 65.42 | NOTE | |
| r-devel-linux-x86_64-fedora-gcc | 0.1.1 | 74.06 | NOTE | |||
| r-devel-windows-x86_64 | 0.1.1 | 6.00 | 58.00 | 64.00 | OK | |
| r-patched-linux-x86_64 | 0.1.1 | 2.49 | 35.11 | 37.60 | OK | |
| r-release-linux-x86_64 | 0.1.1 | 2.42 | 34.92 | 37.34 | OK | |
| r-release-macos-arm64 | 0.1.1 | 1.00 | 30.00 | 31.00 | OK | |
| r-release-macos-x86_64 | 0.1.1 | 2.00 | 47.00 | 49.00 | OK | |
| r-release-windows-x86_64 | 0.1.1 | 6.00 | 54.00 | 60.00 | OK | |
| r-oldrel-macos-arm64 | 0.1.1 | 1.00 | 28.00 | 29.00 | OK | |
| r-oldrel-macos-x86_64 | 0.1.1 | 2.00 | 65.00 | 67.00 | OK | |
| r-oldrel-windows-x86_64 | 0.1.1 | 7.00 | 67.00 | 74.00 | OK |
Version: 0.1.1
Check: dependencies in R code
Result: NOTE
Namespaces in Imports field not imported from:
‘Ckmeans.1d.dp’ ‘autostats’ ‘badger’ ‘framecleaner’ ‘presenter’
‘tidybins’ ‘validata’
All declared Imports should be used.
Flavors: r-devel-linux-x86_64-fedora-clang, r-devel-linux-x86_64-fedora-gcc