Last updated on 2025-11-26 05:51:54 CET.
| Flavor | Version | Tinstall | Tcheck | Ttotal | Status | Flags |
|---|---|---|---|---|---|---|
| r-devel-linux-x86_64-debian-clang | 0.1.2 | 7.30 | 118.77 | 126.07 | OK | |
| r-devel-linux-x86_64-debian-gcc | 0.1.2 | 4.77 | 81.58 | 86.35 | OK | |
| r-devel-linux-x86_64-fedora-clang | 0.1.2 | 16.00 | 184.10 | 200.10 | NOTE | |
| r-devel-linux-x86_64-fedora-gcc | 0.1.2 | 17.00 | 185.60 | 202.60 | NOTE | |
| r-devel-windows-x86_64 | 0.1.2 | 10.00 | 137.00 | 147.00 | OK | |
| r-patched-linux-x86_64 | 0.1.2 | 6.77 | 112.84 | 119.61 | OK | |
| r-release-linux-x86_64 | 0.1.2 | 5.73 | 111.22 | 116.95 | OK | |
| r-release-macos-arm64 | 0.1.2 | OK | ||||
| r-release-macos-x86_64 | 0.1.2 | 5.00 | 111.00 | 116.00 | OK | |
| r-release-windows-x86_64 | 0.1.2 | 8.00 | 112.00 | 120.00 | OK | |
| r-oldrel-macos-arm64 | 0.1.2 | OK | ||||
| r-oldrel-macos-x86_64 | 0.1.2 | 4.00 | 80.00 | 84.00 | OK | |
| r-oldrel-windows-x86_64 | 0.1.2 | 11.00 | 157.00 | 168.00 | OK |
Version: 0.1.2
Check: dependencies in R code
Result: NOTE
Namespaces in Imports field not imported from:
‘MASS’ ‘base’ ‘graphics’ ‘janitor’ ‘rlang’ ‘testthat’ ‘utils’
All declared Imports should be used.
Flavors: r-devel-linux-x86_64-fedora-clang, r-devel-linux-x86_64-fedora-gcc