Last updated on 2025-10-25 17:48:55 CEST.
| Flavor | Version | Tinstall | Tcheck | Ttotal | Status | Flags |
|---|---|---|---|---|---|---|
| r-devel-linux-x86_64-debian-clang | 2.0 | 59.39 | 60.46 | 119.85 | OK | |
| r-devel-linux-x86_64-debian-gcc | 2.0 | 42.03 | 50.61 | 92.64 | OK | |
| r-devel-linux-x86_64-fedora-clang | 2.0 | 116.00 | 89.03 | 205.03 | OK | |
| r-devel-linux-x86_64-fedora-gcc | 2.0 | 112.00 | 86.59 | 198.59 | OK | |
| r-devel-windows-x86_64 | 2.0 | 61.00 | 176.00 | 237.00 | OK | |
| r-patched-linux-x86_64 | 2.0 | 58.82 | 63.98 | 122.80 | OK | |
| r-release-linux-x86_64 | 2.0 | 61.04 | 64.35 | 125.39 | OK | |
| r-release-macos-arm64 | 2.0 | 22.00 | 24.00 | 46.00 | OK | |
| r-release-macos-x86_64 | 2.0 | 25.00 | 41.00 | 66.00 | OK | |
| r-release-windows-x86_64 | 2.0 | 64.00 | 224.00 | 288.00 | OK | |
| r-oldrel-macos-arm64 | 2.0 | 22.00 | 24.00 | 46.00 | NOTE | |
| r-oldrel-macos-x86_64 | 2.0 | 21.00 | 35.00 | 56.00 | NOTE | |
| r-oldrel-windows-x86_64 | 2.0 | 74.00 | 118.00 | 192.00 | OK |
Version: 2.0
Check: installed package size
Result: NOTE
installed size is 16.8Mb
sub-directories of 1Mb or more:
data 1.2Mb
libs 15.4Mb
Flavors: r-oldrel-macos-arm64, r-oldrel-macos-x86_64