Last updated on 2025-10-25 17:48:53 CEST.
| Flavor | Version | Tinstall | Tcheck | Ttotal | Status | Flags |
|---|---|---|---|---|---|---|
| r-devel-linux-x86_64-debian-clang | 0.0.9 | 11.54 | 23.89 | 35.43 | NOTE | |
| r-devel-linux-x86_64-debian-gcc | 0.0.9 | 8.16 | 19.29 | 27.45 | NOTE | |
| r-devel-linux-x86_64-fedora-clang | 0.0.9 | 38.00 | 32.37 | 70.37 | NOTE | |
| r-devel-linux-x86_64-fedora-gcc | 0.0.9 | 26.00 | 28.20 | 54.20 | NOTE | |
| r-devel-windows-x86_64 | 0.0.9 | 17.00 | 59.00 | 76.00 | NOTE | |
| r-patched-linux-x86_64 | 0.0.9 | 11.43 | 22.69 | 34.12 | NOTE | |
| r-release-linux-x86_64 | 0.0.9 | 11.23 | 22.55 | 33.78 | NOTE | |
| r-release-macos-arm64 | 0.0.9 | 7.00 | 17.00 | 24.00 | NOTE | |
| r-release-macos-x86_64 | 0.0.9 | 10.00 | 23.00 | 33.00 | NOTE | |
| r-release-windows-x86_64 | 0.0.9 | 16.00 | 62.00 | 78.00 | NOTE | |
| r-oldrel-macos-arm64 | 0.0.9 | 7.00 | 15.00 | 22.00 | NOTE | |
| r-oldrel-macos-x86_64 | 0.0.9 | 8.00 | 21.00 | 29.00 | NOTE | |
| r-oldrel-windows-x86_64 | 0.0.9 | 17.00 | 73.00 | 90.00 | NOTE |
Version: 0.0.9
Check: CRAN incoming feasibility
Result: NOTE
Maintainer: ‘Ge Tan <ge_tan@live.com>’
No Authors@R field in DESCRIPTION.
Please add one, modifying
Authors@R: person(given = "Ge",
family = "Tan",
role = c("aut", "cre"),
email = "ge_tan@live.com")
as necessary.
Flavors: r-devel-linux-x86_64-debian-clang, r-devel-linux-x86_64-debian-gcc
Version: 0.0.9
Check: C++ specification
Result: NOTE
Specified C++11: please drop specification unless essential
Flavors: r-devel-linux-x86_64-debian-clang, r-devel-linux-x86_64-debian-gcc, r-devel-linux-x86_64-fedora-clang, r-devel-linux-x86_64-fedora-gcc, r-devel-windows-x86_64, r-patched-linux-x86_64, r-release-linux-x86_64, r-release-macos-arm64, r-release-macos-x86_64, r-release-windows-x86_64, r-oldrel-macos-arm64, r-oldrel-macos-x86_64, r-oldrel-windows-x86_64