Last updated on 2025-07-12 09:49:34 CEST.
Flavor | Version | Tinstall | Tcheck | Ttotal | Status | Flags |
---|---|---|---|---|---|---|
r-devel-linux-x86_64-debian-clang | 0.1.2 | 11.49 | 100.83 | 112.32 | OK | |
r-devel-linux-x86_64-debian-gcc | 0.1.2 | 8.20 | 71.25 | 79.45 | WARN | |
r-devel-linux-x86_64-fedora-clang | 0.1.2 | 169.29 | OK | |||
r-devel-linux-x86_64-fedora-gcc | 0.1.2 | 161.88 | OK | |||
r-devel-windows-x86_64 | 0.1.2 | 12.00 | 107.00 | 119.00 | OK | |
r-patched-linux-x86_64 | 0.1.2 | 11.10 | 93.79 | 104.89 | OK | |
r-release-linux-x86_64 | 0.1.2 | 10.17 | 92.81 | 102.98 | OK | |
r-release-macos-arm64 | 0.1.2 | 48.00 | OK | |||
r-release-macos-x86_64 | 0.1.2 | 95.00 | OK | |||
r-release-windows-x86_64 | 0.1.2 | 12.00 | 137.00 | 149.00 | OK | |
r-oldrel-macos-arm64 | 0.1.2 | 53.00 | OK | |||
r-oldrel-macos-x86_64 | 0.1.2 | 90.00 | OK | |||
r-oldrel-windows-x86_64 | 0.1.2 | 17.00 | 175.00 | 192.00 | OK |
Version: 0.1.2
Check: replacement functions
Result: WARN
‘plot.:.tdi’ ‘print.:.tdi’ ‘plot.:.tdi’ ‘print.:.tdi’
The argument of a replacement function which corresponds to the right
hand side must be named ‘value’.
Flavor: r-devel-linux-x86_64-debian-gcc