Last updated on 2025-10-26 09:50:11 CET.
| Flavor | Version | Tinstall | Tcheck | Ttotal | Status | Flags | 
|---|---|---|---|---|---|---|
| r-devel-linux-x86_64-debian-clang | 2.0.0 | 3.02 | 29.98 | 33.00 | OK | |
| r-devel-linux-x86_64-debian-gcc | 2.0.0 | 2.20 | 23.69 | 25.89 | OK | |
| r-devel-linux-x86_64-fedora-clang | 2.0.0 | 52.29 | OK | |||
| r-devel-linux-x86_64-fedora-gcc | 2.0.0 | 63.16 | OK | |||
| r-devel-windows-x86_64 | 2.0.0 | 4.00 | 46.00 | 50.00 | OK | |
| r-patched-linux-x86_64 | 2.0.0 | 3.14 | 27.63 | 30.77 | OK | |
| r-release-linux-x86_64 | 2.0.0 | 2.91 | 27.85 | 30.76 | OK | |
| r-release-macos-arm64 | 2.0.0 | 1.00 | 24.00 | 25.00 | OK | |
| r-release-macos-x86_64 | 2.0.0 | 3.00 | 38.00 | 41.00 | OK | |
| r-release-windows-x86_64 | 2.0.0 | 4.00 | 49.00 | 53.00 | OK | |
| r-oldrel-macos-arm64 | 2.0.0 | 1.00 | 21.00 | 22.00 | NOTE | |
| r-oldrel-macos-x86_64 | 2.0.0 | 2.00 | 31.00 | 33.00 | NOTE | |
| r-oldrel-windows-x86_64 | 2.0.0 | 4.00 | 57.00 | 61.00 | NOTE | 
Version: 2.0.0
Check: LazyData
Result: NOTE
    'LazyData' is specified without a 'data' directory
Flavors: r-oldrel-macos-arm64, r-oldrel-macos-x86_64, r-oldrel-windows-x86_64