Last updated on 2025-10-25 21:49:54 CEST.
| Flavor | Version | Tinstall | Tcheck | Ttotal | Status | Flags |
|---|---|---|---|---|---|---|
| r-devel-linux-x86_64-debian-clang | 0.1.0 | 2.32 | 25.51 | 27.83 | NOTE | |
| r-devel-linux-x86_64-debian-gcc | 0.1.0 | 1.74 | 20.80 | 22.54 | NOTE | |
| r-devel-linux-x86_64-fedora-clang | 0.1.0 | 42.74 | OK | |||
| r-devel-linux-x86_64-fedora-gcc | 0.1.0 | 39.27 | OK | |||
| r-devel-windows-x86_64 | 0.1.0 | 3.00 | 42.00 | 45.00 | OK | |
| r-patched-linux-x86_64 | 0.1.0 | 2.43 | 23.73 | 26.16 | OK | |
| r-release-linux-x86_64 | 0.1.0 | 2.49 | 23.34 | 25.83 | OK | |
| r-release-macos-arm64 | 0.1.0 | 2.00 | 20.00 | 22.00 | OK | |
| r-release-macos-x86_64 | 0.1.0 | 3.00 | 28.00 | 31.00 | OK | |
| r-release-windows-x86_64 | 0.1.0 | 4.00 | 43.00 | 47.00 | OK | |
| r-oldrel-macos-arm64 | 0.1.0 | 1.00 | 18.00 | 19.00 | NOTE | |
| r-oldrel-macos-x86_64 | 0.1.0 | 2.00 | 23.00 | 25.00 | NOTE | |
| r-oldrel-windows-x86_64 | 0.1.0 | 8.00 | 50.00 | 58.00 | NOTE |
Version: 0.1.0
Check: CRAN incoming feasibility
Result: NOTE
Maintainer: ‘Tom Drake <t.drake@ed.ac.uk>’
No Authors@R field in DESCRIPTION.
Please add one, modifying
Authors@R: person(given = "Tom",
family = "Drake",
role = c("aut", "cre"),
email = "t.drake@ed.ac.uk")
as necessary.
Flavors: r-devel-linux-x86_64-debian-clang, r-devel-linux-x86_64-debian-gcc
Version: 0.1.0
Check: LazyData
Result: NOTE
'LazyData' is specified without a 'data' directory
Flavors: r-oldrel-macos-arm64, r-oldrel-macos-x86_64, r-oldrel-windows-x86_64