Last updated on 2025-07-08 13:49:22 CEST.
Flavor | Version | Tinstall | Tcheck | Ttotal | Status | Flags |
---|---|---|---|---|---|---|
r-devel-linux-x86_64-debian-clang | 0.0.6 | 8.12 | 74.86 | 82.98 | NOTE | |
r-devel-linux-x86_64-debian-gcc | 0.0.6 | 5.15 | 51.41 | 56.56 | NOTE | |
r-devel-linux-x86_64-fedora-clang | 0.0.6 | 130.35 | OK | |||
r-devel-linux-x86_64-fedora-gcc | 0.0.6 | 120.99 | OK | |||
r-devel-windows-x86_64 | 0.0.6 | 9.00 | 90.00 | 99.00 | OK | |
r-patched-linux-x86_64 | 0.0.6 | 8.78 | 70.47 | 79.25 | OK | |
r-release-linux-x86_64 | 0.0.6 | 6.44 | 69.45 | 75.89 | OK | |
r-release-macos-arm64 | 0.0.6 | 43.00 | OK | |||
r-release-macos-x86_64 | 0.0.6 | 64.00 | OK | |||
r-release-windows-x86_64 | 0.0.6 | 9.00 | 90.00 | 99.00 | OK | |
r-oldrel-macos-arm64 | 0.0.6 | 38.00 | OK | |||
r-oldrel-macos-x86_64 | 0.0.6 | 60.00 | OK | |||
r-oldrel-windows-x86_64 | 0.0.6 | 11.00 | 112.00 | 123.00 | OK |
Version: 0.0.6
Check: CRAN incoming feasibility
Result: NOTE
Maintainer: ‘Hossein Azari Soufiani <azari.hossein@gmail.com>’
No Authors@R field in DESCRIPTION.
Please add one, modifying
Authors@R: c(person(given = c("Hossein", "Azari"),
family = "Soufiani",
role = c("aut", "cre"),
email = "azari.hossein@gmail.com"),
person(given = "William",
family = "Chen",
role = "aut"))
as necessary.
Flavors: r-devel-linux-x86_64-debian-clang, r-devel-linux-x86_64-debian-gcc