CRAN Package Check Results for Package SpaceTimeBSS

Last updated on 2025-07-10 17:49:14 CEST.

Flavor Version Tinstall Tcheck Ttotal Status Flags
r-devel-linux-x86_64-debian-clang 0.4-0 37.44 73.09 110.53 OK
r-devel-linux-x86_64-debian-gcc 0.4-0 27.50 53.86 81.36 OK
r-devel-linux-x86_64-fedora-clang 0.4-0 185.71 OK
r-devel-linux-x86_64-fedora-gcc 0.4-0 168.67 OK
r-devel-windows-x86_64 0.4-0 42.00 95.00 137.00 OK
r-patched-linux-x86_64 0.4-0 40.62 66.79 107.41 OK
r-release-linux-x86_64 0.4-0 38.87 67.45 106.32 OK
r-release-macos-arm64 0.4-0 55.00 OK
r-release-macos-x86_64 0.4-0 80.00 OK
r-release-windows-x86_64 0.4-0 42.00 109.00 151.00 OK
r-oldrel-macos-arm64 0.4-0 51.00 NOTE
r-oldrel-macos-x86_64 0.4-0 96.00 NOTE
r-oldrel-windows-x86_64 0.4-0 52.00 123.00 175.00 OK

Check Details

Version: 0.4-0
Check: installed package size
Result: NOTE installed size is 5.1Mb sub-directories of 1Mb or more: data 2.4Mb libs 2.6Mb Flavors: r-oldrel-macos-arm64, r-oldrel-macos-x86_64