Last updated on 2025-10-26 13:50:09 CET.
| Flavor | Version | Tinstall | Tcheck | Ttotal | Status | Flags |
|---|---|---|---|---|---|---|
| r-devel-linux-x86_64-debian-clang | 1.0.0 | 27.01 | 80.03 | 107.04 | NOTE | |
| r-devel-linux-x86_64-debian-gcc | 1.0.0 | 21.73 | 58.98 | 80.71 | NOTE | |
| r-devel-linux-x86_64-fedora-clang | 1.0.0 | 63.00 | 116.86 | 179.86 | NOTE | |
| r-devel-linux-x86_64-fedora-gcc | 1.0.0 | 68.00 | 103.96 | 171.96 | NOTE | |
| r-devel-windows-x86_64 | 1.0.0 | 37.00 | 94.00 | 131.00 | NOTE | |
| r-patched-linux-x86_64 | 1.0.0 | 27.96 | 77.47 | 105.43 | NOTE | |
| r-release-linux-x86_64 | 1.0.0 | 26.36 | 76.66 | 103.02 | NOTE | |
| r-release-macos-arm64 | 1.0.0 | 21.00 | 34.00 | 55.00 | NOTE | |
| r-release-macos-x86_64 | 1.0.0 | 39.00 | 57.00 | 96.00 | NOTE | |
| r-release-windows-x86_64 | 1.0.0 | 37.00 | 97.00 | 134.00 | NOTE | |
| r-oldrel-macos-arm64 | 1.0.0 | 22.00 | 35.00 | 57.00 | NOTE | |
| r-oldrel-macos-x86_64 | 1.0.0 | 28.00 | 47.00 | 75.00 | NOTE | |
| r-oldrel-windows-x86_64 | 1.0.0 | 46.00 | 121.00 | 167.00 | NOTE |
Version: 1.0.0
Check: DESCRIPTION meta-information
Result: NOTE
Missing dependency on R >= 4.1.0 because package code uses the pipe
|> or function shorthand \(...) syntax added in R 4.1.0.
File(s) using such syntax:
‘SouthPark_Script_Data.Rd’ ‘app_server.R’
Flavors: r-devel-linux-x86_64-debian-clang, r-devel-linux-x86_64-debian-gcc, r-devel-linux-x86_64-fedora-clang, r-devel-linux-x86_64-fedora-gcc, r-devel-windows-x86_64, r-patched-linux-x86_64, r-release-linux-x86_64, r-release-macos-arm64, r-release-windows-x86_64
Version: 1.0.0
Check: DESCRIPTION meta-information
Result: NOTE
Missing dependency on R >= 4.1.0 because package code uses the pipe
|> or function shorthand \(...) syntax added in R 4.1.0.
File(s) using such syntax:
‘app_server.R’
Flavor: r-release-macos-x86_64
Version: 1.0.0
Check: package dependencies
Result: NOTE
Package suggested but not available for checking: ‘gridlayout’
Flavors: r-oldrel-macos-arm64, r-oldrel-macos-x86_64, r-oldrel-windows-x86_64
Version: 1.0.0
Check: installed package size
Result: NOTE
installed size is 5.4Mb
sub-directories of 1Mb or more:
data 4.8Mb
Flavors: r-oldrel-macos-arm64, r-oldrel-macos-x86_64