Last updated on 2025-10-25 05:50:18 CEST.
| Flavor | Version | Tinstall | Tcheck | Ttotal | Status | Flags |
|---|---|---|---|---|---|---|
| r-devel-linux-x86_64-debian-clang | 0.1.3 | 38.49 | 34.97 | 73.46 | NOTE | |
| r-devel-linux-x86_64-debian-gcc | 0.1.3 | 19.63 | 27.87 | 47.50 | NOTE | |
| r-devel-linux-x86_64-fedora-clang | 0.1.3 | 96.00 | 41.74 | 137.74 | NOTE | |
| r-devel-linux-x86_64-fedora-gcc | 0.1.3 | 81.00 | 53.51 | 134.51 | NOTE | |
| r-devel-windows-x86_64 | 0.1.3 | 45.00 | 78.00 | 123.00 | NOTE | |
| r-patched-linux-x86_64 | 0.1.3 | 32.96 | 33.58 | 66.54 | NOTE | |
| r-release-linux-x86_64 | 0.1.3 | 35.13 | 33.68 | 68.81 | NOTE | |
| r-release-macos-arm64 | 0.1.3 | 15.00 | 36.00 | 51.00 | NOTE | |
| r-release-macos-x86_64 | 0.1.3 | 15.00 | 49.00 | 64.00 | NOTE | |
| r-release-windows-x86_64 | 0.1.3 | 44.00 | 77.00 | 121.00 | NOTE | |
| r-oldrel-macos-arm64 | 0.1.3 | 15.00 | 27.00 | 42.00 | NOTE | |
| r-oldrel-macos-x86_64 | 0.1.3 | 20.00 | 38.00 | 58.00 | NOTE | |
| r-oldrel-windows-x86_64 | 0.1.3 | 51.00 | 97.00 | 148.00 | NOTE |
Version: 0.1.3
Check: C++ specification
Result: NOTE
Specified C++14: please drop specification unless essential
Flavors: r-devel-linux-x86_64-debian-clang, r-devel-linux-x86_64-debian-gcc, r-devel-linux-x86_64-fedora-clang, r-devel-linux-x86_64-fedora-gcc, r-devel-windows-x86_64, r-patched-linux-x86_64, r-release-linux-x86_64, r-release-macos-arm64, r-release-macos-x86_64, r-release-windows-x86_64, r-oldrel-macos-arm64, r-oldrel-macos-x86_64, r-oldrel-windows-x86_64