Last updated on 2025-11-26 09:51:29 CET.
| Flavor | Version | Tinstall | Tcheck | Ttotal | Status | Flags |
|---|---|---|---|---|---|---|
| r-devel-linux-x86_64-debian-clang | 3.4 | 23.73 | 95.21 | 118.94 | NOTE | |
| r-devel-linux-x86_64-debian-gcc | 3.4 | 17.04 | 64.98 | 82.02 | NOTE | |
| r-devel-linux-x86_64-fedora-clang | 3.4 | 54.00 | 145.85 | 199.85 | OK | |
| r-devel-linux-x86_64-fedora-gcc | 3.4 | 52.00 | 152.77 | 204.77 | OK | |
| r-devel-windows-x86_64 | 3.4 | 37.00 | 123.00 | 160.00 | OK | |
| r-patched-linux-x86_64 | 3.4 | 24.48 | 89.52 | 114.00 | OK | |
| r-release-linux-x86_64 | 3.4 | 24.73 | 90.03 | 114.76 | OK | |
| r-release-macos-arm64 | 3.4 | OK | ||||
| r-release-macos-x86_64 | 3.4 | 12.00 | 108.00 | 120.00 | OK | |
| r-release-windows-x86_64 | 3.4 | 31.00 | 145.00 | 176.00 | OK | |
| r-oldrel-macos-arm64 | 3.4 | OK | ||||
| r-oldrel-macos-x86_64 | 3.4 | 12.00 | 70.00 | 82.00 | OK | |
| r-oldrel-windows-x86_64 | 3.4 | 38.00 | 140.00 | 178.00 | OK |
Version: 3.4
Check: CRAN incoming feasibility
Result: NOTE
Maintainer: ‘Daniel Greene <dg333@cam.ac.uk>’
No Authors@R field in DESCRIPTION.
Please add one, modifying
Authors@R: person(given = "Daniel",
family = "Greene",
role = c("aut", "cre"),
email = "dg333@cam.ac.uk")
as necessary.
Flavors: r-devel-linux-x86_64-debian-clang, r-devel-linux-x86_64-debian-gcc