Last updated on 2025-10-26 13:50:09 CET.
| Flavor | Version | Tinstall | Tcheck | Ttotal | Status | Flags |
|---|---|---|---|---|---|---|
| r-devel-linux-x86_64-debian-clang | 4.3 | 2.79 | 28.94 | 31.73 | NOTE | |
| r-devel-linux-x86_64-debian-gcc | 4.3 | 1.99 | 22.87 | 24.86 | NOTE | |
| r-devel-linux-x86_64-fedora-clang | 4.3 | 46.92 | OK | |||
| r-devel-linux-x86_64-fedora-gcc | 4.3 | 45.82 | OK | |||
| r-devel-windows-x86_64 | 4.3 | 5.00 | 49.00 | 54.00 | OK | |
| r-patched-linux-x86_64 | 4.3 | 1.80 | 26.83 | 28.63 | OK | |
| r-release-linux-x86_64 | 4.3 | 2.27 | 27.10 | 29.37 | OK | |
| r-release-macos-arm64 | 4.3 | 2.00 | 19.00 | 21.00 | OK | |
| r-release-macos-x86_64 | 4.3 | 2.00 | 33.00 | 35.00 | OK | |
| r-release-windows-x86_64 | 4.3 | 5.00 | 52.00 | 57.00 | OK | |
| r-oldrel-macos-arm64 | 4.3 | 2.00 | 17.00 | 19.00 | OK | |
| r-oldrel-macos-x86_64 | 4.3 | 2.00 | 24.00 | 26.00 | OK | |
| r-oldrel-windows-x86_64 | 4.3 | 6.00 | 57.00 | 63.00 | OK |
Version: 4.3
Check: CRAN incoming feasibility
Result: NOTE
Maintainer: ‘Adriano Zanin Zambom <adriano.zambom@csun.edu>’
No Authors@R field in DESCRIPTION.
Please add one, modifying
Authors@R: c(person(given = "Jongwook",
family = "Kim",
role = "aut"),
person(given = c("Adriano", "Zanin"),
family = "Zambom",
role = c("aut", "cre"),
email = "adriano.zambom@csun.edu"))
as necessary.
Flavors: r-devel-linux-x86_64-debian-clang, r-devel-linux-x86_64-debian-gcc