Last updated on 2025-07-28 13:49:47 CEST.
Flavor | Version | Tinstall | Tcheck | Ttotal | Status | Flags |
---|---|---|---|---|---|---|
r-devel-linux-x86_64-debian-clang | 5.3.0 | 112.88 | 720.26 | 833.14 | OK | |
r-devel-linux-x86_64-debian-gcc | 5.3.0 | 78.41 | 467.63 | 546.04 | OK | |
r-devel-linux-x86_64-fedora-clang | 5.3.0 | 1330.37 | OK | |||
r-devel-linux-x86_64-fedora-gcc | 5.3.0 | 1284.32 | OK | |||
r-devel-windows-x86_64 | 5.3.0 | 115.00 | 802.00 | 917.00 | OK | |
r-patched-linux-x86_64 | 5.3.0 | 122.10 | 684.43 | 806.53 | OK | |
r-release-linux-x86_64 | 5.3.0 | 110.68 | 685.94 | 796.62 | OK | |
r-release-macos-arm64 | 5.3.0 | 232.00 | OK | |||
r-release-macos-x86_64 | 5.3.0 | 443.00 | OK | |||
r-release-windows-x86_64 | 5.3.0 | 125.00 | 840.00 | 965.00 | OK | |
r-oldrel-macos-arm64 | 5.3.0 | 276.00 | NOTE | |||
r-oldrel-macos-x86_64 | 5.3.0 | 507.00 | NOTE | |||
r-oldrel-windows-x86_64 | 5.3.0 | 151.00 | 1144.00 | 1295.00 | NOTE |
Version: 5.3.0
Check: package dependencies
Result: NOTE
Packages suggested but not available for checking: 'BPCells', 'presto'
Flavors: r-oldrel-macos-arm64, r-oldrel-windows-x86_64
Version: 5.3.0
Check: installed package size
Result: NOTE
installed size is 11.3Mb
sub-directories of 1Mb or more:
R 2.0Mb
libs 8.3Mb
Flavors: r-oldrel-macos-arm64, r-oldrel-macos-x86_64
Version: 5.3.0
Check: package dependencies
Result: NOTE
Packages suggested but not available for checking:
'BPCells', 'monocle', 'presto'
Flavor: r-oldrel-macos-x86_64