Last updated on 2025-11-26 09:51:29 CET.
| Flavor | Version | Tinstall | Tcheck | Ttotal | Status | Flags |
|---|---|---|---|---|---|---|
| r-devel-linux-x86_64-debian-clang | 0.7 | 16.77 | 204.87 | 221.64 | NOTE | |
| r-devel-linux-x86_64-debian-gcc | 0.7 | 12.69 | 140.66 | 153.35 | NOTE | |
| r-devel-linux-x86_64-fedora-clang | 0.7 | 43.00 | 312.96 | 355.96 | OK | |
| r-devel-linux-x86_64-fedora-gcc | 0.7 | 40.00 | 288.92 | 328.92 | OK | |
| r-devel-windows-x86_64 | 0.7 | 23.00 | 177.00 | 200.00 | OK | |
| r-patched-linux-x86_64 | 0.7 | 18.32 | 192.53 | 210.85 | OK | |
| r-release-linux-x86_64 | 0.7 | 15.49 | 193.67 | 209.16 | OK | |
| r-release-macos-arm64 | 0.7 | OK | ||||
| r-release-macos-x86_64 | 0.7 | 17.00 | 155.00 | 172.00 | OK | |
| r-release-windows-x86_64 | 0.7 | 21.00 | 179.00 | 200.00 | OK | |
| r-oldrel-macos-arm64 | 0.7 | OK | ||||
| r-oldrel-macos-x86_64 | 0.7 | 12.00 | 117.00 | 129.00 | OK | |
| r-oldrel-windows-x86_64 | 0.7 | 27.00 | 253.00 | 280.00 | OK |
Version: 0.7
Check: CRAN incoming feasibility
Result: NOTE
Maintainer: ‘Ibtihel Rebhi <ibtihel.rebhi@enit.utm.tn>’
No Authors@R field in DESCRIPTION.
Please add one, modifying
Authors@R: c(person(given = "Ibtihel",
family = "Rebhi",
role = c("aut", "cre"),
email = "ibtihel.rebhi@enit.utm.tn"),
person(given = "Dhafer",
family = "Malouche",
role = "ctb"))
as necessary.
Flavors: r-devel-linux-x86_64-debian-clang, r-devel-linux-x86_64-debian-gcc