Last updated on 2025-10-25 13:48:49 CEST.
| Flavor | Version | Tinstall | Tcheck | Ttotal | Status | Flags | 
|---|---|---|---|---|---|---|
| r-devel-linux-x86_64-debian-clang | 0.5.5 | 2.53 | 21.14 | 23.67 | NOTE | |
| r-devel-linux-x86_64-debian-gcc | 0.5.5 | 2.15 | 17.95 | 20.10 | NOTE | |
| r-devel-linux-x86_64-fedora-clang | 0.5.5 | 35.34 | OK | |||
| r-devel-linux-x86_64-fedora-gcc | 0.5.5 | 33.64 | OK | |||
| r-devel-windows-x86_64 | 0.5.5 | 6.00 | 41.00 | 47.00 | OK | |
| r-patched-linux-x86_64 | 0.5.5 | 2.49 | 19.99 | 22.48 | OK | |
| r-release-linux-x86_64 | 0.5.5 | 2.55 | 20.16 | 22.71 | OK | |
| r-release-macos-arm64 | 0.5.5 | 3.00 | 14.00 | 17.00 | OK | |
| r-release-macos-x86_64 | 0.5.5 | 4.00 | 24.00 | 28.00 | OK | |
| r-release-windows-x86_64 | 0.5.5 | 6.00 | 44.00 | 50.00 | OK | |
| r-oldrel-macos-arm64 | 0.5.5 | 2.00 | 18.00 | 20.00 | OK | |
| r-oldrel-macos-x86_64 | 0.5.5 | 4.00 | 30.00 | 34.00 | OK | |
| r-oldrel-windows-x86_64 | 0.5.5 | 6.00 | 42.00 | 48.00 | OK | 
Version: 0.5.5
Check: CRAN incoming feasibility
Result: NOTE
  Maintainer: ‘Gabriel Becker <gabembecker@gmail.com>’
  
  No Authors@R field in DESCRIPTION.
  Please add one, modifying
    Authors@R: person(given = "Gabriel",
                      family = "Becker",
                      role = c("aut", "cre"),
                      email = "gabembecker@gmail.com")
  as necessary.
Flavors: r-devel-linux-x86_64-debian-clang, r-devel-linux-x86_64-debian-gcc