Last updated on 2025-10-25 05:50:21 CEST.
| Flavor | Version | Tinstall | Tcheck | Ttotal | Status | Flags |
|---|---|---|---|---|---|---|
| r-devel-linux-x86_64-debian-clang | 2.2.5.1 | 23.34 | 202.17 | 225.51 | NOTE | |
| r-devel-linux-x86_64-debian-gcc | 2.2.5.1 | 16.76 | 138.58 | 155.34 | NOTE | |
| r-devel-linux-x86_64-fedora-clang | 2.2.5.1 | 53.00 | 283.13 | 336.13 | OK | |
| r-devel-linux-x86_64-fedora-gcc | 2.2.5.1 | 53.00 | 278.53 | 331.53 | OK | |
| r-devel-windows-x86_64 | 2.2.5.1 | 27.00 | 212.00 | 239.00 | NOTE | |
| r-patched-linux-x86_64 | 2.2.5.1 | 24.15 | 187.58 | 211.73 | NOTE | |
| r-release-linux-x86_64 | 2.2.5.1 | 23.40 | 185.77 | 209.17 | NOTE | |
| r-release-macos-arm64 | 2.2.5.1 | 11.00 | 85.00 | 96.00 | OK | |
| r-release-macos-x86_64 | 2.2.5.1 | 21.00 | 170.00 | 191.00 | OK | |
| r-release-windows-x86_64 | 2.2.5.1 | 30.00 | 217.00 | 247.00 | NOTE | |
| r-oldrel-macos-arm64 | 2.2.5.1 | 11.00 | 86.00 | 97.00 | OK | |
| r-oldrel-macos-x86_64 | 2.2.5.1 | 16.00 | 130.00 | 146.00 | OK | |
| r-oldrel-windows-x86_64 | 2.2.5.1 | 37.00 | 283.00 | 320.00 | OK |
Version: 2.2.5.1
Check: Rd cross-references
Result: NOTE
Found the following Rd file(s) with Rd \link{} targets missing package
anchors:
import_local_nut.Rd: rem_reps, all_params, all_params_dtrng,
single_param
Please provide package anchors for all Rd \link{} targets not in the
package itself and the base packages.
Flavors: r-devel-linux-x86_64-debian-clang, r-devel-linux-x86_64-debian-gcc, r-devel-windows-x86_64, r-patched-linux-x86_64, r-release-linux-x86_64, r-release-windows-x86_64