Last updated on 2025-10-26 09:50:10 CET.
| Flavor | Version | Tinstall | Tcheck | Ttotal | Status | Flags |
|---|---|---|---|---|---|---|
| r-devel-linux-x86_64-debian-clang | 1.0.1 | 3.66 | 42.39 | 46.05 | NOTE | |
| r-devel-linux-x86_64-debian-gcc | 1.0.1 | 2.85 | 32.21 | 35.06 | NOTE | |
| r-devel-linux-x86_64-fedora-clang | 1.0.1 | 11.00 | 57.04 | 68.04 | NOTE | |
| r-devel-linux-x86_64-fedora-gcc | 1.0.1 | 78.43 | NOTE | |||
| r-devel-windows-x86_64 | 1.0.1 | 5.00 | 59.00 | 64.00 | NOTE | |
| r-patched-linux-x86_64 | 1.0.1 | 3.91 | 38.56 | 42.47 | NOTE | |
| r-release-linux-x86_64 | 1.0.1 | 3.92 | 38.50 | 42.42 | NOTE | |
| r-release-macos-arm64 | 1.0.1 | 2.00 | 31.00 | 33.00 | NOTE | |
| r-release-macos-x86_64 | 1.0.1 | 3.00 | 50.00 | 53.00 | NOTE | |
| r-release-windows-x86_64 | 1.0.1 | 7.00 | 68.00 | 75.00 | NOTE | |
| r-oldrel-macos-arm64 | 1.0.1 | 2.00 | 25.00 | 27.00 | NOTE | |
| r-oldrel-macos-x86_64 | 1.0.1 | 3.00 | 38.00 | 41.00 | NOTE | |
| r-oldrel-windows-x86_64 | 1.0.1 | 7.00 | 70.00 | 77.00 | NOTE |
Version: 1.0.1
Check: CRAN incoming feasibility
Result: NOTE
Maintainer: ‘Peter Curtis <peterrobertcurtis@gmail.com>’
Package CITATION file contains call(s) to old-style personList() or
as.personList(). Please use c() on person objects instead.
Package CITATION file contains call(s) to old-style citEntry(). Please
use bibentry() instead.
Flavors: r-devel-linux-x86_64-debian-clang, r-devel-linux-x86_64-debian-gcc
Version: 1.0.1
Check: Rd files
Result: NOTE
checkRd: (-1) new.distance.Rd:30: Lost braces in \itemize; meant \describe ?
checkRd: (-1) new.distance.Rd:31-32: Lost braces in \itemize; meant \describe ?
checkRd: (-1) new.distance.Rd:33-34: Lost braces in \itemize; meant \describe ?
checkRd: (-1) new.distance.Rd:35-36: Lost braces in \itemize; meant \describe ?
checkRd: (-1) new.distance.Rd:37-38: Lost braces in \itemize; meant \describe ?
checkRd: (-1) new.distance.Rd:39-40: Lost braces in \itemize; meant \describe ?
checkRd: (-1) sensitivity.plot.Rd:30-33: Lost braces in \itemize; meant \describe ?
checkRd: (-1) sensitivity.plot.Rd:34-35: Lost braces in \itemize; meant \describe ?
checkRd: (-1) sensitivity.plot.Rd:36-37: Lost braces in \itemize; meant \describe ?
checkRd: (-1) sensitivity.plot.Rd:38-40: Lost braces in \itemize; meant \describe ?
Flavors: r-devel-linux-x86_64-debian-clang, r-devel-linux-x86_64-debian-gcc, r-devel-linux-x86_64-fedora-clang, r-devel-linux-x86_64-fedora-gcc, r-devel-windows-x86_64, r-patched-linux-x86_64, r-release-linux-x86_64, r-release-macos-arm64, r-release-macos-x86_64, r-release-windows-x86_64, r-oldrel-macos-arm64, r-oldrel-macos-x86_64, r-oldrel-windows-x86_64
Version: 1.0.1
Check: LazyData
Result: NOTE
'LazyData' is specified without a 'data' directory
Flavors: r-oldrel-macos-arm64, r-oldrel-macos-x86_64, r-oldrel-windows-x86_64