Last updated on 2025-10-26 05:50:13 CET.
| Flavor | Version | Tinstall | Tcheck | Ttotal | Status | Flags |
|---|---|---|---|---|---|---|
| r-devel-linux-x86_64-debian-clang | 0.2.3 | 9.23 | 72.28 | 81.51 | NOTE | |
| r-devel-linux-x86_64-debian-gcc | 0.2.3 | 6.79 | 55.41 | 62.20 | NOTE | |
| r-devel-linux-x86_64-fedora-clang | 0.2.3 | 31.00 | 99.01 | 130.01 | OK | |
| r-devel-linux-x86_64-fedora-gcc | 0.2.3 | 20.00 | 103.22 | 123.22 | OK | |
| r-devel-windows-x86_64 | 0.2.3 | 12.00 | 78.00 | 90.00 | OK | |
| r-patched-linux-x86_64 | 0.2.3 | 9.63 | 68.97 | 78.60 | OK | |
| r-release-linux-x86_64 | 0.2.3 | 9.07 | 69.32 | 78.39 | OK | |
| r-release-macos-arm64 | 0.2.3 | 4.00 | 34.00 | 38.00 | OK | |
| r-release-macos-x86_64 | 0.2.3 | 8.00 | 72.00 | 80.00 | OK | |
| r-release-windows-x86_64 | 0.2.3 | 12.00 | 80.00 | 92.00 | OK | |
| r-oldrel-macos-arm64 | 0.2.3 | 4.00 | 31.00 | 35.00 | OK | |
| r-oldrel-macos-x86_64 | 0.2.3 | 10.00 | 62.00 | 72.00 | OK | |
| r-oldrel-windows-x86_64 | 0.2.3 | 15.00 | 100.00 | 115.00 | OK |
Version: 0.2.3
Check: CRAN incoming feasibility
Result: NOTE
Maintainer: ‘Lukas Beule <lukas.beule@julius-kuehn.de>’
Package CITATION file contains call(s) to old-style personList() or
as.personList(). Please use c() on person objects instead.
Package CITATION file contains call(s) to old-style citEntry(). Please
use bibentry() instead.
Flavors: r-devel-linux-x86_64-debian-clang, r-devel-linux-x86_64-debian-gcc